192.178.4.97 - - [02/Jul/2026:01:14:03 +0700] "GET /?l=32797195316300 HTTP/1.1" 200 2 "-" "Mozilla/5.0 (Linux; Android 6.0.1; Nexus 5X Build/MMB29P) AppleWebKit/537.36 (KHTML, like Gecko) Chrome/149.0.7827.200 Mobile Safari/537.36 (compatible; Googlebot/2.1; +http://www.google.com/bot.html)"
192.178.4.97 - - [02/Jul/2026:01:14:03 +0700] "GET /?l=90407246748205 HTTP/1.1" 200 2 "-" "Mozilla/5.0 (Linux; Android 6.0.1; Nexus 5X Build/MMB29P) AppleWebKit/537.36 (KHTML, like Gecko) Chrome/149.0.7827.200 Mobile Safari/537.36 (compatible; Googlebot/2.1; +http://www.google.com/bot.html)"
47.128.99.66 - - [02/Jul/2026:01:14:03 +0700] "GET /?lang=en&page_id=1945 HTTP/1.1" 200 2 "-" "Mozilla/5.0 (Linux; Android 5.0) AppleWebKit/537.36 (KHTML, like Gecko) Mobile Safari/537.36 (compatible; Bytespider; spider-feedback@bytedance.com)"
192.178.4.97 - - [02/Jul/2026:01:14:05 +0700] "GET /?l=70187223687606 HTTP/1.1" 200 2 "-" "Mozilla/5.0 (Linux; Android 6.0.1; Nexus 5X Build/MMB29P) AppleWebKit/537.36 (KHTML, like Gecko) Chrome/149.0.7827.200 Mobile Safari/537.36 (compatible; Googlebot/2.1; +http://www.google.com/bot.html)"
192.178.4.97 - - [02/Jul/2026:01:14:05 +0700] "GET /?l=68282136839201 HTTP/1.1" 200 2 "-" "Mozilla/5.0 (Linux; Android 6.0.1; Nexus 5X Build/MMB29P) AppleWebKit/537.36 (KHTML, like Gecko) Chrome/149.0.7827.200 Mobile Safari/537.36 (compatible; Googlebot/2.1; +http://www.google.com/bot.html)"
192.178.4.97 - - [02/Jul/2026:01:14:06 +0700] "GET /?l=69217212823506 HTTP/1.1" 200 2 "-" "Mozilla/5.0 (Linux; Android 6.0.1; Nexus 5X Build/MMB29P) AppleWebKit/537.36 (KHTML, like Gecko) Chrome/149.0.7827.200 Mobile Safari/537.36 (compatible; Googlebot/2.1; +http://www.google.com/bot.html)"
192.178.4.97 - - [02/Jul/2026:01:14:06 +0700] "GET /?l=71049166251702 HTTP/1.1" 200 2 "-" "Mozilla/5.0 (Linux; Android 6.0.1; Nexus 5X Build/MMB29P) AppleWebKit/537.36 (KHTML, like Gecko) Chrome/149.0.7827.200 Mobile Safari/537.36 (compatible; Googlebot/2.1; +http://www.google.com/bot.html)"
192.178.4.97 - - [02/Jul/2026:01:14:07 +0700] "GET /?l=97226238565302 HTTP/1.1" 200 2 "-" "Mozilla/5.0 (Linux; Android 6.0.1; Nexus 5X Build/MMB29P) AppleWebKit/537.36 (KHTML, like Gecko) Chrome/149.0.7827.200 Mobile Safari/537.36 (compatible; Googlebot/2.1; +http://www.google.com/bot.html)"
192.178.4.97 - - [02/Jul/2026:01:14:07 +0700] "GET /?l=09841266934100 HTTP/1.1" 200 2 "-" "Mozilla/5.0 (Linux; Android 6.0.1; Nexus 5X Build/MMB29P) AppleWebKit/537.36 (KHTML, like Gecko) Chrome/149.0.7827.200 Mobile Safari/537.36 (compatible; Googlebot/2.1; +http://www.google.com/bot.html)"
192.178.4.97 - - [02/Jul/2026:01:14:08 +0700] "GET /?l=70289183562203 HTTP/1.1" 200 2 "-" "Mozilla/5.0 (Linux; Android 6.0.1; Nexus 5X Build/MMB29P) AppleWebKit/537.36 (KHTML, like Gecko) Chrome/149.0.7827.200 Mobile Safari/537.36 (compatible; Googlebot/2.1; +http://www.google.com/bot.html)"
192.178.4.97 - - [02/Jul/2026:01:14:09 +0700] "GET /?l=1021868054304 HTTP/1.1" 200 2 "-" "Mozilla/5.0 (Linux; Android 6.0.1; Nexus 5X Build/MMB29P) AppleWebKit/537.36 (KHTML, like Gecko) Chrome/149.0.7827.200 Mobile Safari/537.36 (compatible; Googlebot/2.1; +http://www.google.com/bot.html)"
192.178.4.97 - - [02/Jul/2026:01:14:09 +0700] "GET /?l=1491827928900 HTTP/1.1" 200 2 "-" "Mozilla/5.0 (Linux; Android 6.0.1; Nexus 5X Build/MMB29P) AppleWebKit/537.36 (KHTML, like Gecko) Chrome/149.0.7827.200 Mobile Safari/537.36 (compatible; Googlebot/2.1; +http://www.google.com/bot.html)"
192.178.4.97 - - [02/Jul/2026:01:14:10 +0700] "GET /?l=78200101979001 HTTP/1.1" 200 2 "-" "Mozilla/5.0 (Linux; Android 6.0.1; Nexus 5X Build/MMB29P) AppleWebKit/537.36 (KHTML, like Gecko) Chrome/149.0.7827.200 Mobile Safari/537.36 (compatible; Googlebot/2.1; +http://www.google.com/bot.html)"
192.178.4.97 - - [02/Jul/2026:01:14:10 +0700] "GET /?l=79288299900 HTTP/1.1" 200 2 "-" "Mozilla/5.0 (Linux; Android 6.0.1; Nexus 5X Build/MMB29P) AppleWebKit/537.36 (KHTML, like Gecko) Chrome/149.0.7827.200 Mobile Safari/537.36 (compatible; Googlebot/2.1; +http://www.google.com/bot.html)"
192.178.4.97 - - [02/Jul/2026:01:14:11 +0700] "GET /?l=93102170699500 HTTP/1.1" 200 2 "-" "Mozilla/5.0 (Linux; Android 6.0.1; Nexus 5X Build/MMB29P) AppleWebKit/537.36 (KHTML, like Gecko) Chrome/149.0.7827.200 Mobile Safari/537.36 (compatible; Googlebot/2.1; +http://www.google.com/bot.html)"
192.178.4.97 - - [02/Jul/2026:01:14:11 +0700] "GET /?l=2914356524003 HTTP/1.1" 200 2 "-" "Mozilla/5.0 (Linux; Android 6.0.1; Nexus 5X Build/MMB29P) AppleWebKit/537.36 (KHTML, like Gecko) Chrome/149.0.7827.200 Mobile Safari/537.36 (compatible; Googlebot/2.1; +http://www.google.com/bot.html)"
192.178.4.97 - - [02/Jul/2026:01:14:12 +0700] "GET /?l=77202296694502 HTTP/1.1" 200 2 "-" "Mozilla/5.0 (Linux; Android 6.0.1; Nexus 5X Build/MMB29P) AppleWebKit/537.36 (KHTML, like Gecko) Chrome/149.0.7827.200 Mobile Safari/537.36 (compatible; Googlebot/2.1; +http://www.google.com/bot.html)"
192.178.4.97 - - [02/Jul/2026:01:14:12 +0700] "GET /?l=8271986498000 HTTP/1.1" 200 2 "-" "Mozilla/5.0 (Linux; Android 6.0.1; Nexus 5X Build/MMB29P) AppleWebKit/537.36 (KHTML, like Gecko) Chrome/149.0.7827.200 Mobile Safari/537.36 (compatible; Googlebot/2.1; +http://www.google.com/bot.html)"
192.178.4.97 - - [02/Jul/2026:01:14:13 +0700] "GET /?l=52627298403901 HTTP/1.1" 200 2 "-" "Mozilla/5.0 (Linux; Android 6.0.1; Nexus 5X Build/MMB29P) AppleWebKit/537.36 (KHTML, like Gecko) Chrome/149.0.7827.200 Mobile Safari/537.36 (compatible; Googlebot/2.1; +http://www.google.com/bot.html)"
192.178.4.97 - - [02/Jul/2026:01:14:14 +0700] "GET /?l=50478238217402 HTTP/1.1" 200 2 "-" "Mozilla/5.0 (Linux; Android 6.0.1; Nexus 5X Build/MMB29P) AppleWebKit/537.36 (KHTML, like Gecko) Chrome/149.0.7827.200 Mobile Safari/537.36 (compatible; Googlebot/2.1; +http://www.google.com/bot.html)"
192.178.4.97 - - [02/Jul/2026:01:14:15 +0700] "GET /?l=03010254947502 HTTP/1.1" 200 2 "-" "Mozilla/5.0 (Linux; Android 6.0.1; Nexus 5X Build/MMB29P) AppleWebKit/537.36 (KHTML, like Gecko) Chrome/149.0.7827.200 Mobile Safari/537.36 (compatible; Googlebot/2.1; +http://www.google.com/bot.html)"
192.178.4.97 - - [02/Jul/2026:01:14:15 +0700] "GET /?l=91331281814302 HTTP/1.1" 200 2 "-" "Mozilla/5.0 (Linux; Android 6.0.1; Nexus 5X Build/MMB29P) AppleWebKit/537.36 (KHTML, like Gecko) Chrome/149.0.7827.200 Mobile Safari/537.36 (compatible; Googlebot/2.1; +http://www.google.com/bot.html)"
192.178.4.97 - - [02/Jul/2026:01:14:16 +0700] "GET /?l=40787289538402 HTTP/1.1" 200 2 "-" "Mozilla/5.0 (Linux; Android 6.0.1; Nexus 5X Build/MMB29P) AppleWebKit/537.36 (KHTML, like Gecko) Chrome/149.0.7827.200 Mobile Safari/537.36 (compatible; Googlebot/2.1; +http://www.google.com/bot.html)"
192.178.4.97 - - [02/Jul/2026:01:14:16 +0700] "GET /?l=17454108122500 HTTP/1.1" 200 2 "-" "Mozilla/5.0 (Linux; Android 6.0.1; Nexus 5X Build/MMB29P) AppleWebKit/537.36 (KHTML, like Gecko) Chrome/149.0.7827.200 Mobile Safari/537.36 (compatible; Googlebot/2.1; +http://www.google.com/bot.html)"
192.178.4.97 - - [02/Jul/2026:01:14:17 +0700] "GET /?l=9675578252201 HTTP/1.1" 200 2 "-" "Mozilla/5.0 (Linux; Android 6.0.1; Nexus 5X Build/MMB29P) AppleWebKit/537.36 (KHTML, like Gecko) Chrome/149.0.7827.200 Mobile Safari/537.36 (compatible; Googlebot/2.1; +http://www.google.com/bot.html)"
192.178.4.97 - - [02/Jul/2026:01:14:18 +0700] "GET /?l=0912070052905 HTTP/1.1" 200 2 "-" "Mozilla/5.0 (Linux; Android 6.0.1; Nexus 5X Build/MMB29P) AppleWebKit/537.36 (KHTML, like Gecko) Chrome/149.0.7827.200 Mobile Safari/537.36 (compatible; Googlebot/2.1; +http://www.google.com/bot.html)"
192.178.4.97 - - [02/Jul/2026:01:14:18 +0700] "GET /?l=10787275070001 HTTP/1.1" 200 2 "-" "Mozilla/5.0 (Linux; Android 6.0.1; Nexus 5X Build/MMB29P) AppleWebKit/537.36 (KHTML, like Gecko) Chrome/149.0.7827.200 Mobile Safari/537.36 (compatible; Googlebot/2.1; +http://www.google.com/bot.html)"
192.178.4.97 - - [02/Jul/2026:01:14:19 +0700] "GET /?l=90978276009504 HTTP/1.1" 200 2 "-" "Mozilla/5.0 (Linux; Android 6.0.1; Nexus 5X Build/MMB29P) AppleWebKit/537.36 (KHTML, like Gecko) Chrome/149.0.7827.200 Mobile Safari/537.36 (compatible; Googlebot/2.1; +http://www.google.com/bot.html)"
192.178.4.97 - - [02/Jul/2026:01:14:19 +0700] "GET /?l=1558375859700 HTTP/1.1" 200 2 "-" "Mozilla/5.0 (Linux; Android 6.0.1; Nexus 5X Build/MMB29P) AppleWebKit/537.36 (KHTML, like Gecko) Chrome/149.0.7827.200 Mobile Safari/537.36 (compatible; Googlebot/2.1; +http://www.google.com/bot.html)"
192.178.4.97 - - [02/Jul/2026:01:14:20 +0700] "GET /?l=38790184228407 HTTP/1.1" 200 2 "-" "Mozilla/5.0 (Linux; Android 6.0.1; Nexus 5X Build/MMB29P) AppleWebKit/537.36 (KHTML, like Gecko) Chrome/149.0.7827.200 Mobile Safari/537.36 (compatible; Googlebot/2.1; +http://www.google.com/bot.html)"
192.178.4.97 - - [02/Jul/2026:01:14:20 +0700] "GET /?l=91689220486906 HTTP/1.1" 200 2 "-" "Mozilla/5.0 (Linux; Android 6.0.1; Nexus 5X Build/MMB29P) AppleWebKit/537.36 (KHTML, like Gecko) Chrome/149.0.7827.200 Mobile Safari/537.36 (compatible; Googlebot/2.1; +http://www.google.com/bot.html)"
192.178.4.97 - - [02/Jul/2026:01:14:21 +0700] "GET /?l=92720216154502 HTTP/1.1" 200 2 "-" "Mozilla/5.0 (Linux; Android 6.0.1; Nexus 5X Build/MMB29P) AppleWebKit/537.36 (KHTML, like Gecko) Chrome/149.0.7827.200 Mobile Safari/537.36 (compatible; Googlebot/2.1; +http://www.google.com/bot.html)"
192.178.4.97 - - [02/Jul/2026:01:14:21 +0700] "GET /?l=2000568720500 HTTP/1.1" 200 2 "-" "Mozilla/5.0 (Linux; Android 6.0.1; Nexus 5X Build/MMB29P) AppleWebKit/537.36 (KHTML, like Gecko) Chrome/149.0.7827.200 Mobile Safari/537.36 (compatible; Googlebot/2.1; +http://www.google.com/bot.html)"
192.178.4.97 - - [02/Jul/2026:01:14:22 +0700] "GET /?l=93175205954601 HTTP/1.1" 200 2 "-" "Mozilla/5.0 (Linux; Android 6.0.1; Nexus 5X Build/MMB29P) AppleWebKit/537.36 (KHTML, like Gecko) Chrome/149.0.7827.200 Mobile Safari/537.36 (compatible; Googlebot/2.1; +http://www.google.com/bot.html)"
192.178.4.97 - - [02/Jul/2026:01:14:22 +0700] "GET /?l=50120198166600 HTTP/1.1" 200 2 "-" "Mozilla/5.0 (Linux; Android 6.0.1; Nexus 5X Build/MMB29P) AppleWebKit/537.36 (KHTML, like Gecko) Chrome/149.0.7827.200 Mobile Safari/537.36 (compatible; Googlebot/2.1; +http://www.google.com/bot.html)"
192.178.4.97 - - [02/Jul/2026:01:14:24 +0700] "GET /?l=37713137535000 HTTP/1.1" 200 2 "-" "Mozilla/5.0 (Linux; Android 6.0.1; Nexus 5X Build/MMB29P) AppleWebKit/537.36 (KHTML, like Gecko) Chrome/149.0.7827.200 Mobile Safari/537.36 (compatible; Googlebot/2.1; +http://www.google.com/bot.html)"
192.178.4.97 - - [02/Jul/2026:01:14:24 +0700] "GET /?l=60701267629900 HTTP/1.1" 200 2 "-" "Mozilla/5.0 (Linux; Android 6.0.1; Nexus 5X Build/MMB29P) AppleWebKit/537.36 (KHTML, like Gecko) Chrome/149.0.7827.200 Mobile Safari/537.36 (compatible; Googlebot/2.1; +http://www.google.com/bot.html)"
192.178.4.97 - - [02/Jul/2026:01:14:25 +0700] "GET /?l=20978264479203 HTTP/1.1" 200 2 "-" "Mozilla/5.0 (Linux; Android 6.0.1; Nexus 5X Build/MMB29P) AppleWebKit/537.36 (KHTML, like Gecko) Chrome/149.0.7827.200 Mobile Safari/537.36 (compatible; Googlebot/2.1; +http://www.google.com/bot.html)"
192.178.4.97 - - [02/Jul/2026:01:14:25 +0700] "GET /?l=005076744302 HTTP/1.1" 200 2 "-" "Mozilla/5.0 (Linux; Android 6.0.1; Nexus 5X Build/MMB29P) AppleWebKit/537.36 (KHTML, like Gecko) Chrome/149.0.7827.200 Mobile Safari/537.36 (compatible; Googlebot/2.1; +http://www.google.com/bot.html)"
192.178.4.97 - - [02/Jul/2026:01:14:26 +0700] "GET /?l=5712268071702 HTTP/1.1" 200 2 "-" "Mozilla/5.0 (Linux; Android 6.0.1; Nexus 5X Build/MMB29P) AppleWebKit/537.36 (KHTML, like Gecko) Chrome/149.0.7827.200 Mobile Safari/537.36 (compatible; Googlebot/2.1; +http://www.google.com/bot.html)"
192.178.4.97 - - [02/Jul/2026:01:14:26 +0700] "GET /?l=22882200134500 HTTP/1.1" 200 2 "-" "Mozilla/5.0 (Linux; Android 6.0.1; Nexus 5X Build/MMB29P) AppleWebKit/537.36 (KHTML, like Gecko) Chrome/149.0.7827.200 Mobile Safari/537.36 (compatible; Googlebot/2.1; +http://www.google.com/bot.html)"
192.178.4.97 - - [02/Jul/2026:01:14:27 +0700] "GET /?l=72263220834805 HTTP/1.1" 200 2 "-" "Mozilla/5.0 (Linux; Android 6.0.1; Nexus 5X Build/MMB29P) AppleWebKit/537.36 (KHTML, like Gecko) Chrome/149.0.7827.200 Mobile Safari/537.36 (compatible; Googlebot/2.1; +http://www.google.com/bot.html)"
192.178.4.97 - - [02/Jul/2026:01:14:27 +0700] "GET /?l=78277162005 HTTP/1.1" 200 2 "-" "Mozilla/5.0 (Linux; Android 6.0.1; Nexus 5X Build/MMB29P) AppleWebKit/537.36 (KHTML, like Gecko) Chrome/149.0.7827.200 Mobile Safari/537.36 (compatible; Googlebot/2.1; +http://www.google.com/bot.html)"
192.178.4.97 - - [02/Jul/2026:01:14:28 +0700] "GET /?l=70612144769202 HTTP/1.1" 200 2 "-" "Mozilla/5.0 (Linux; Android 6.0.1; Nexus 5X Build/MMB29P) AppleWebKit/537.36 (KHTML, like Gecko) Chrome/149.0.7827.200 Mobile Safari/537.36 (compatible; Googlebot/2.1; +http://www.google.com/bot.html)"
192.178.4.97 - - [02/Jul/2026:01:14:29 +0700] "GET /?l=80992115562603 HTTP/1.1" 200 2 "-" "Mozilla/5.0 (Linux; Android 6.0.1; Nexus 5X Build/MMB29P) AppleWebKit/537.36 (KHTML, like Gecko) Chrome/149.0.7827.200 Mobile Safari/537.36 (compatible; Googlebot/2.1; +http://www.google.com/bot.html)"
192.178.4.97 - - [02/Jul/2026:01:14:29 +0700] "GET /?l=015975534500 HTTP/1.1" 200 2 "-" "Mozilla/5.0 (Linux; Android 6.0.1; Nexus 5X Build/MMB29P) AppleWebKit/537.36 (KHTML, like Gecko) Chrome/149.0.7827.200 Mobile Safari/537.36 (compatible; Googlebot/2.1; +http://www.google.com/bot.html)"
192.178.4.97 - - [02/Jul/2026:01:14:30 +0700] "GET /?l=78693191422308 HTTP/1.1" 200 2 "-" "Mozilla/5.0 (Linux; Android 6.0.1; Nexus 5X Build/MMB29P) AppleWebKit/537.36 (KHTML, like Gecko) Chrome/149.0.7827.200 Mobile Safari/537.36 (compatible; Googlebot/2.1; +http://www.google.com/bot.html)"
192.178.4.97 - - [02/Jul/2026:01:14:30 +0700] "GET /?l=10800102645201 HTTP/1.1" 200 2 "-" "Mozilla/5.0 (Linux; Android 6.0.1; Nexus 5X Build/MMB29P) AppleWebKit/537.36 (KHTML, like Gecko) Chrome/149.0.7827.200 Mobile Safari/537.36 (compatible; Googlebot/2.1; +http://www.google.com/bot.html)"
192.178.4.97 - - [02/Jul/2026:01:14:31 +0700] "GET /?l=32892252749700 HTTP/1.1" 200 2 "-" "Mozilla/5.0 (Linux; Android 6.0.1; Nexus 5X Build/MMB29P) AppleWebKit/537.36 (KHTML, like Gecko) Chrome/149.0.7827.200 Mobile Safari/537.36 (compatible; Googlebot/2.1; +http://www.google.com/bot.html)"
192.178.4.97 - - [02/Jul/2026:01:14:31 +0700] "GET /?l=50280213046801 HTTP/1.1" 200 2 "-" "Mozilla/5.0 (Linux; Android 6.0.1; Nexus 5X Build/MMB29P) AppleWebKit/537.36 (KHTML, like Gecko) Chrome/149.0.7827.200 Mobile Safari/537.36 (compatible; Googlebot/2.1; +http://www.google.com/bot.html)"
192.178.4.97 - - [02/Jul/2026:01:14:32 +0700] "GET /?l=89749122654803 HTTP/1.1" 200 2 "-" "Mozilla/5.0 (Linux; Android 6.0.1; Nexus 5X Build/MMB29P) AppleWebKit/537.36 (KHTML, like Gecko) Chrome/149.0.7827.200 Mobile Safari/537.36 (compatible; Googlebot/2.1; +http://www.google.com/bot.html)"
192.178.4.97 - - [02/Jul/2026:01:14:32 +0700] "GET /?l=04322191770207 HTTP/1.1" 200 2 "-" "Mozilla/5.0 (Linux; Android 6.0.1; Nexus 5X Build/MMB29P) AppleWebKit/537.36 (KHTML, like Gecko) Chrome/149.0.7827.200 Mobile Safari/537.36 (compatible; Googlebot/2.1; +http://www.google.com/bot.html)"
192.178.4.97 - - [02/Jul/2026:01:14:33 +0700] "GET /?l=08158267977803 HTTP/1.1" 200 2 "-" "Mozilla/5.0 (Linux; Android 6.0.1; Nexus 5X Build/MMB29P) AppleWebKit/537.36 (KHTML, like Gecko) Chrome/149.0.7827.200 Mobile Safari/537.36 (compatible; Googlebot/2.1; +http://www.google.com/bot.html)"
192.178.4.97 - - [02/Jul/2026:01:14:34 +0700] "GET /?l=5283971965701 HTTP/1.1" 200 2 "-" "Mozilla/5.0 (Linux; Android 6.0.1; Nexus 5X Build/MMB29P) AppleWebKit/537.36 (KHTML, like Gecko) Chrome/149.0.7827.200 Mobile Safari/537.36 (compatible; Googlebot/2.1; +http://www.google.com/bot.html)"
192.178.4.97 - - [02/Jul/2026:01:14:35 +0700] "GET /?l=07370142104401 HTTP/1.1" 200 2 "-" "Mozilla/5.0 (Linux; Android 6.0.1; Nexus 5X Build/MMB29P) AppleWebKit/537.36 (KHTML, like Gecko) Chrome/149.0.7827.200 Mobile Safari/537.36 (compatible; Googlebot/2.1; +http://www.google.com/bot.html)"
192.178.4.97 - - [02/Jul/2026:01:17:54 +0700] "GET /?l=10878128473201 HTTP/1.1" 200 2 "-" "Mozilla/5.0 (Linux; Android 6.0.1; Nexus 5X Build/MMB29P) AppleWebKit/537.36 (KHTML, like Gecko) Chrome/149.0.7827.200 Mobile Safari/537.36 (compatible; Googlebot/2.1; +http://www.google.com/bot.html)"
40.77.167.16 - - [02/Jul/2026:01:19:24 +0700] "GET /?l=89049921002 HTTP/1.1" 200 2 "-" "Mozilla/5.0 AppleWebKit/537.36 (KHTML, like Gecko; compatible; bingbot/2.0; +http://www.bing.com/bingbot.htm) Chrome/116.0.1938.76 Safari/537.36"
192.178.4.97 - - [02/Jul/2026:01:19:26 +0700] "GET /?l=2523939402301 HTTP/1.1" 200 2 "-" "Mozilla/5.0 (Linux; Android 6.0.1; Nexus 5X Build/MMB29P) AppleWebKit/537.36 (KHTML, like Gecko) Chrome/149.0.7827.200 Mobile Safari/537.36 (compatible; Googlebot/2.1; +http://www.google.com/bot.html)"
47.128.99.44 - - [02/Jul/2026:01:20:53 +0700] "GET /?lang=en&page_id=267 HTTP/1.1" 200 2 "-" "Mozilla/5.0 (Linux; Android 5.0) AppleWebKit/537.36 (KHTML, like Gecko) Mobile Safari/537.36 (compatible; Bytespider; spider-feedback@bytedance.com)"
45.135.228.94 - - [02/Jul/2026:01:21:09 +0700] "GET /?page_id=9&lang=en HTTP/1.1" 200 2 "-" "Mozilla/5.0 (Macintosh; Intel Mac OS X 10_15_7) AppleWebKit/537.36 (KHTML, like Gecko) Chrome/146.0.0.0 Safari/537.36"
192.178.4.97 - - [02/Jul/2026:01:22:03 +0700] "GET /?l=0730719440002 HTTP/1.1" 200 2 "-" "Mozilla/5.0 (Linux; Android 6.0.1; Nexus 5X Build/MMB29P) AppleWebKit/537.36 (KHTML, like Gecko) Chrome/149.0.7827.200 Mobile Safari/537.36 (compatible; Googlebot/2.1; +http://www.google.com/bot.html)"
192.178.4.98 - - [02/Jul/2026:01:23:14 +0700] "GET /?l=60041207784803 HTTP/1.1" 200 2 "-" "Mozilla/5.0 (Linux; Android 6.0.1; Nexus 5X Build/MMB29P) AppleWebKit/537.36 (KHTML, like Gecko) Chrome/149.0.7827.200 Mobile Safari/537.36 (compatible; Googlebot/2.1; +http://www.google.com/bot.html)"
192.178.4.97 - - [02/Jul/2026:01:24:00 +0700] "GET /00828134225.shtml HTTP/1.1" 200 2 "-" "Mozilla/5.0 (Linux; Android 6.0.1; Nexus 5X Build/MMB29P) AppleWebKit/537.36 (KHTML, like Gecko) Chrome/149.0.7827.200 Mobile Safari/537.36 (compatible; Googlebot/2.1; +http://www.google.com/bot.html)"
192.178.4.97 - - [02/Jul/2026:01:25:32 +0700] "GET /?l=0697665504401 HTTP/1.1" 200 2 "-" "Mozilla/5.0 (Linux; Android 6.0.1; Nexus 5X Build/MMB29P) AppleWebKit/537.36 (KHTML, like Gecko) Chrome/149.0.7827.200 Mobile Safari/537.36 (compatible; Googlebot/2.1; +http://www.google.com/bot.html)"
47.128.99.93 - - [02/Jul/2026:01:26:57 +0700] "GET /?p=1175&lang=en HTTP/1.1" 200 2 "-" "Mozilla/5.0 (compatible; Bytespider; spider-feedback@bytedance.com) AppleWebKit/537.36 (KHTML, like Gecko) Chrome/70.0.0.0 Safari/537.36"
192.178.4.98 - - [02/Jul/2026:01:27:04 +0700] "GET /?l=2729971645600 HTTP/1.1" 200 2 "-" "Mozilla/5.0 (Linux; Android 6.0.1; Nexus 5X Build/MMB29P) AppleWebKit/537.36 (KHTML, like Gecko) Chrome/149.0.7827.200 Mobile Safari/537.36 (compatible; Googlebot/2.1; +http://www.google.com/bot.html)"
47.128.99.69 - - [02/Jul/2026:01:27:16 +0700] "GET /?lang=en&p=1657 HTTP/1.1" 200 2 "-" "Mozilla/5.0 (compatible; Bytespider; spider-feedback@bytedance.com) AppleWebKit/537.36 (KHTML, like Gecko) Chrome/70.0.0.0 Safari/537.36"
192.178.4.97 - - [02/Jul/2026:01:33:14 +0700] "GET /?l=32771255120501 HTTP/1.1" 200 2 "-" "Mozilla/5.0 (Linux; Android 6.0.1; Nexus 5X Build/MMB29P) AppleWebKit/537.36 (KHTML, like Gecko) Chrome/149.0.7827.200 Mobile Safari/537.36 (compatible; Googlebot/2.1; +http://www.google.com/bot.html)"
192.178.4.97 - - [02/Jul/2026:01:34:33 +0700] "GET /?l=7239220292004 HTTP/1.1" 200 2 "-" "Mozilla/5.0 (Linux; Android 6.0.1; Nexus 5X Build/MMB29P) AppleWebKit/537.36 (KHTML, like Gecko) Chrome/149.0.7827.200 Mobile Safari/537.36 (compatible; Googlebot/2.1; +http://www.google.com/bot.html)"
192.178.4.97 - - [02/Jul/2026:01:35:25 +0700] "GET /?l=98939176363900 HTTP/1.1" 200 2 "-" "Mozilla/5.0 (Linux; Android 6.0.1; Nexus 5X Build/MMB29P) AppleWebKit/537.36 (KHTML, like Gecko) Chrome/149.0.7827.200 Mobile Safari/537.36 (compatible; Googlebot/2.1; +http://www.google.com/bot.html)"
47.128.99.34 - - [02/Jul/2026:01:42:17 +0700] "GET /?p=1175&lang=en HTTP/1.1" 200 2 "-" "Mozilla/5.0 (Linux; Android 5.0) AppleWebKit/537.36 (KHTML, like Gecko) Mobile Safari/537.36 (compatible; Bytespider; spider-feedback@bytedance.com)"
47.128.99.98 - - [02/Jul/2026:01:42:35 +0700] "GET /?lang=en&p=1657 HTTP/1.1" 200 2 "-" "Mozilla/5.0 (Linux; Android 5.0) AppleWebKit/537.36 (KHTML, like Gecko) Mobile Safari/537.36 (compatible; Bytespider; spider-feedback@bytedance.com)"
45.135.228.94 - - [02/Jul/2026:01:46:24 +0700] "GET /?page_id=9&lang=en HTTP/1.1" 200 2 "-" "Mozilla/5.0 (Macintosh; Intel Mac OS X 10_15_7) AppleWebKit/537.36 (KHTML, like Gecko) Chrome/146.0.0.0 Safari/537.36"
192.178.4.98 - - [02/Jul/2026:01:47:03 +0700] "GET /?l=2807229032901 HTTP/1.1" 200 2 "-" "Mozilla/5.0 (Linux; Android 6.0.1; Nexus 5X Build/MMB29P) AppleWebKit/537.36 (KHTML, like Gecko) Chrome/149.0.7827.200 Mobile Safari/537.36 (compatible; Googlebot/2.1; +http://www.google.com/bot.html)"
192.178.4.97 - - [02/Jul/2026:01:56:29 +0700] "GET /?l=0427063467600 HTTP/1.1" 200 2 "-" "Mozilla/5.0 (Linux; Android 6.0.1; Nexus 5X Build/MMB29P) AppleWebKit/537.36 (KHTML, like Gecko) Chrome/149.0.7827.200 Mobile Safari/537.36 (compatible; Googlebot/2.1; +http://www.google.com/bot.html)"
192.178.4.97 - - [02/Jul/2026:01:59:33 +0700] "GET /?l=3058981720915 HTTP/1.1" 200 2 "-" "Mozilla/5.0 (Linux; Android 6.0.1; Nexus 5X Build/MMB29P) AppleWebKit/537.36 (KHTML, like Gecko) Chrome/149.0.7827.200 Mobile Safari/537.36 (compatible; Googlebot/2.1; +http://www.google.com/bot.html)"
47.128.99.241 - - [02/Jul/2026:02:00:35 +0700] "GET /?lang=en&page_id=331 HTTP/1.1" 200 2 "-" "Mozilla/5.0 (compatible; Bytespider; spider-feedback@bytedance.com) AppleWebKit/537.36 (KHTML, like Gecko) Chrome/70.0.0.0 Safari/537.36"
47.128.99.248 - - [02/Jul/2026:02:03:48 +0700] "GET /?lang=en&page_id=331 HTTP/1.1" 200 2 "-" "Mozilla/5.0 (Linux; Android 5.0) AppleWebKit/537.36 (KHTML, like Gecko) Mobile Safari/537.36 (compatible; Bytespider; spider-feedback@bytedance.com)"
47.128.99.59 - - [02/Jul/2026:02:06:28 +0700] "GET /?attachment_id=243 HTTP/1.1" 200 2 "-" "Mozilla/5.0 (compatible; Bytespider; spider-feedback@bytedance.com) AppleWebKit/537.36 (KHTML, like Gecko) Chrome/70.0.0.0 Safari/537.36"
192.178.4.98 - - [02/Jul/2026:02:07:15 +0700] "GET /328621969101.shtml HTTP/1.1" 200 2 "-" "Mozilla/5.0 (Linux; Android 6.0.1; Nexus 5X Build/MMB29P) AppleWebKit/537.36 (KHTML, like Gecko) Chrome/149.0.7827.200 Mobile Safari/537.36 (compatible; Googlebot/2.1; +http://www.google.com/bot.html)"
47.128.99.43 - - [02/Jul/2026:02:07:47 +0700] "GET /?attachment_id=243 HTTP/1.1" 200 2 "-" "Mozilla/5.0 (Linux; Android 5.0) AppleWebKit/537.36 (KHTML, like Gecko) Mobile Safari/537.36 (compatible; Bytespider; spider-feedback@bytedance.com)"
192.178.4.99 - - [02/Jul/2026:02:12:03 +0700] "GET /?l=17377135212106 HTTP/1.1" 200 2 "-" "Mozilla/5.0 (Linux; Android 6.0.1; Nexus 5X Build/MMB29P) AppleWebKit/537.36 (KHTML, like Gecko) Chrome/149.0.7827.200 Mobile Safari/537.36 (compatible; Googlebot/2.1; +http://www.google.com/bot.html)"
192.178.4.97 - - [02/Jul/2026:02:12:13 +0700] "GET /?l=29418276591109 HTTP/1.1" 200 2 "-" "Mozilla/5.0 (Linux; Android 6.0.1; Nexus 5X Build/MMB29P) AppleWebKit/537.36 (KHTML, like Gecko) Chrome/149.0.7827.200 Mobile Safari/537.36 (compatible; Googlebot/2.1; +http://www.google.com/bot.html)"
45.135.228.94 - - [02/Jul/2026:02:13:27 +0700] "GET /?page_id=9&lang=en HTTP/1.1" 200 2 "-" "Mozilla/5.0 (Macintosh; Intel Mac OS X 10_15_7) AppleWebKit/537.36 (KHTML, like Gecko) Chrome/146.0.0.0 Safari/537.36"
47.243.246.138 - - [02/Jul/2026:02:16:27 +0700] "GET /?page_id=9&lang=en HTTP/1.1" 200 2 "-" "Mozilla/5.0 (Macintosh; Intel Mac OS X 10_15_7) AppleWebKit/537.36 (KHTML, like Gecko) Chrome/146.0.0.0 Safari/537.36"
192.178.4.97 - - [02/Jul/2026:02:19:37 +0700] "GET /?l=0728741006805 HTTP/1.1" 200 2 "-" "Mozilla/5.0 (Linux; Android 6.0.1; Nexus 5X Build/MMB29P) AppleWebKit/537.36 (KHTML, like Gecko) Chrome/149.0.7827.200 Mobile Safari/537.36 (compatible; Googlebot/2.1; +http://www.google.com/bot.html)"
192.178.4.97 - - [02/Jul/2026:02:24:33 +0700] "GET /?l=28706228940800 HTTP/1.1" 200 2 "-" "Mozilla/5.0 (Linux; Android 6.0.1; Nexus 5X Build/MMB29P) AppleWebKit/537.36 (KHTML, like Gecko) Chrome/149.0.7827.200 Mobile Safari/537.36 (compatible; Googlebot/2.1; +http://www.google.com/bot.html)"
192.178.4.97 - - [02/Jul/2026:02:25:43 +0700] "GET /?l=50924294805904 HTTP/1.1" 200 2 "-" "Mozilla/5.0 (Linux; Android 6.0.1; Nexus 5X Build/MMB29P) AppleWebKit/537.36 (KHTML, like Gecko) Chrome/149.0.7827.200 Mobile Safari/537.36 (compatible; Googlebot/2.1; +http://www.google.com/bot.html)"
192.178.4.97 - - [02/Jul/2026:02:32:06 +0700] "GET /?l=73413241032202 HTTP/1.1" 200 2 "-" "Mozilla/5.0 (Linux; Android 6.0.1; Nexus 5X Build/MMB29P) AppleWebKit/537.36 (KHTML, like Gecko) Chrome/149.0.7827.200 Mobile Safari/537.36 (compatible; Googlebot/2.1; +http://www.google.com/bot.html)"
47.128.99.243 - - [02/Jul/2026:02:35:26 +0700] "GET /?attachment_id=1662 HTTP/1.1" 200 2 "-" "Mozilla/5.0 (compatible; Bytespider; spider-feedback@bytedance.com) AppleWebKit/537.36 (KHTML, like Gecko) Chrome/70.0.0.0 Safari/537.36"
47.128.99.27 - - [02/Jul/2026:02:35:58 +0700] "GET /?attachment_id=889 HTTP/1.1" 200 2 "-" "Mozilla/5.0 (compatible; Bytespider; spider-feedback@bytedance.com) AppleWebKit/537.36 (KHTML, like Gecko) Chrome/70.0.0.0 Safari/537.36"
192.178.4.98 - - [02/Jul/2026:02:37:02 +0700] "GET /?l=788363173706 HTTP/1.1" 200 2 "-" "Mozilla/5.0 (Linux; Android 6.0.1; Nexus 5X Build/MMB29P) AppleWebKit/537.36 (KHTML, like Gecko) Chrome/149.0.7827.200 Mobile Safari/537.36 (compatible; Googlebot/2.1; +http://www.google.com/bot.html)"
47.128.99.69 - - [02/Jul/2026:02:38:34 +0700] "GET /?attachment_id=1662 HTTP/1.1" 200 2 "-" "Mozilla/5.0 (Linux; Android 5.0) AppleWebKit/537.36 (KHTML, like Gecko) Mobile Safari/537.36 (compatible; Bytespider; spider-feedback@bytedance.com)"
45.135.228.94 - - [02/Jul/2026:02:38:36 +0700] "GET /?page_id=9&lang=en HTTP/1.1" 200 2 "-" "Mozilla/5.0 (Macintosh; Intel Mac OS X 10_15_7) AppleWebKit/537.36 (KHTML, like Gecko) Chrome/146.0.0.0 Safari/537.36"
47.128.99.241 - - [02/Jul/2026:02:38:50 +0700] "GET /?attachment_id=889 HTTP/1.1" 200 2 "-" "Mozilla/5.0 (Linux; Android 5.0) AppleWebKit/537.36 (KHTML, like Gecko) Mobile Safari/537.36 (compatible; Bytespider; spider-feedback@bytedance.com)"
45.67.201.101 - - [02/Jul/2026:02:42:10 +0700] "GET /?page_id=9&lang=en HTTP/1.1" 200 2 "-" "Mozilla/5.0 (Macintosh; Intel Mac OS X 10_15_7) AppleWebKit/537.36 (KHTML, like Gecko) Chrome/146.0.0.0 Safari/537.36"
192.178.4.97 - - [02/Jul/2026:02:49:01 +0700] "GET /407234061954.shtml HTTP/1.1" 200 2 "-" "Mozilla/5.0 (Linux; Android 6.0.1; Nexus 5X Build/MMB29P) AppleWebKit/537.36 (KHTML, like Gecko) Chrome/149.0.7827.200 Mobile Safari/537.36 (compatible; Googlebot/2.1; +http://www.google.com/bot.html)"
192.178.4.97 - - [02/Jul/2026:02:49:33 +0700] "GET /?l=71587119786006 HTTP/1.1" 200 2 "-" "Mozilla/5.0 (Linux; Android 6.0.1; Nexus 5X Build/MMB29P) AppleWebKit/537.36 (KHTML, like Gecko) Chrome/149.0.7827.200 Mobile Safari/537.36 (compatible; Googlebot/2.1; +http://www.google.com/bot.html)"
192.178.4.98 - - [02/Jul/2026:02:54:09 +0700] "GET /787813131953.shtml HTTP/1.1" 200 2 "-" "Mozilla/5.0 (Linux; Android 6.0.1; Nexus 5X Build/MMB29P) AppleWebKit/537.36 (KHTML, like Gecko) Chrome/149.0.7827.200 Mobile Safari/537.36 (compatible; Googlebot/2.1; +http://www.google.com/bot.html)"
192.178.4.98 - - [02/Jul/2026:02:58:13 +0700] "GET /427331227347.shtml HTTP/1.1" 200 2 "-" "Mozilla/5.0 (Linux; Android 6.0.1; Nexus 5X Build/MMB29P) AppleWebKit/537.36 (KHTML, like Gecko) Chrome/149.0.7827.200 Mobile Safari/537.36 (compatible; Googlebot/2.1; +http://www.google.com/bot.html)"
192.178.4.98 - - [02/Jul/2026:02:58:17 +0700] "GET /828003583170.shtml HTTP/1.1" 200 2 "-" "Mozilla/5.0 (Linux; Android 6.0.1; Nexus 5X Build/MMB29P) AppleWebKit/537.36 (KHTML, like Gecko) Chrome/149.0.7827.200 Mobile Safari/537.36 (compatible; Googlebot/2.1; +http://www.google.com/bot.html)"
192.178.4.97 - - [02/Jul/2026:02:58:52 +0700] "GET /194802776309.shtml HTTP/1.1" 200 2 "-" "Mozilla/5.0 (Linux; Android 6.0.1; Nexus 5X Build/MMB29P) AppleWebKit/537.36 (KHTML, like Gecko) Chrome/149.0.7827.200 Mobile Safari/537.36 (compatible; Googlebot/2.1; +http://www.google.com/bot.html)"
45.135.228.94 - - [02/Jul/2026:03:04:34 +0700] "GET /?page_id=9&lang=en HTTP/1.1" 200 2 "-" "Mozilla/5.0 (Macintosh; Intel Mac OS X 10_15_7) AppleWebKit/537.36 (KHTML, like Gecko) Chrome/146.0.0.0 Safari/537.36"
192.178.4.97 - - [02/Jul/2026:03:10:07 +0700] "GET /787831098253.shtml HTTP/1.1" 200 2 "-" "Mozilla/5.0 (Linux; Android 6.0.1; Nexus 5X Build/MMB29P) AppleWebKit/537.36 (KHTML, like Gecko) Chrome/149.0.7827.200 Mobile Safari/537.36 (compatible; Googlebot/2.1; +http://www.google.com/bot.html)"
47.128.99.53 - - [02/Jul/2026:03:19:27 +0700] "GET /?p=1691&lang=en HTTP/1.1" 200 2 "-" "Mozilla/5.0 (compatible; Bytespider; spider-feedback@bytedance.com) AppleWebKit/537.36 (KHTML, like Gecko) Chrome/70.0.0.0 Safari/537.36"
47.128.99.245 - - [02/Jul/2026:03:21:35 +0700] "GET /?p=1691&lang=en HTTP/1.1" 200 2 "-" "Mozilla/5.0 (Linux; Android 5.0) AppleWebKit/537.36 (KHTML, like Gecko) Mobile Safari/537.36 (compatible; Bytespider; spider-feedback@bytedance.com)"
192.178.4.97 - - [02/Jul/2026:03:22:04 +0700] "GET /?l=500187576702 HTTP/1.1" 200 2 "-" "Mozilla/5.0 (Linux; Android 6.0.1; Nexus 5X Build/MMB29P) AppleWebKit/537.36 (KHTML, like Gecko) Chrome/149.0.7827.200 Mobile Safari/537.36 (compatible; Googlebot/2.1; +http://www.google.com/bot.html)"
192.178.4.98 - - [02/Jul/2026:03:22:07 +0700] "GET /?l=23287142812500 HTTP/1.1" 200 2 "-" "Mozilla/5.0 (Linux; Android 6.0.1; Nexus 5X Build/MMB29P) AppleWebKit/537.36 (KHTML, like Gecko) Chrome/149.0.7827.200 Mobile Safari/537.36 (compatible; Googlebot/2.1; +http://www.google.com/bot.html)"
192.178.4.97 - - [02/Jul/2026:03:22:29 +0700] "GET /?l=28548229292205 HTTP/1.1" 200 2 "-" "Mozilla/5.0 (Linux; Android 6.0.1; Nexus 5X Build/MMB29P) AppleWebKit/537.36 (KHTML, like Gecko) Chrome/149.0.7827.200 Mobile Safari/537.36 (compatible; Googlebot/2.1; +http://www.google.com/bot.html)"
47.128.99.63 - - [02/Jul/2026:03:22:38 +0700] "GET /?attachment_id=1762 HTTP/1.1" 200 2 "-" "Mozilla/5.0 (compatible; Bytespider; spider-feedback@bytedance.com) AppleWebKit/537.36 (KHTML, like Gecko) Chrome/70.0.0.0 Safari/537.36"
192.178.4.97 - - [02/Jul/2026:03:22:43 +0700] "GET /88229293918.shtml HTTP/1.1" 200 2 "-" "Mozilla/5.0 (Linux; Android 6.0.1; Nexus 5X Build/MMB29P) AppleWebKit/537.36 (KHTML, like Gecko) Chrome/149.0.7827.200 Mobile Safari/537.36 (compatible; Googlebot/2.1; +http://www.google.com/bot.html)"
47.128.99.30 - - [02/Jul/2026:03:24:26 +0700] "GET /?page_id=46 HTTP/1.1" 200 2 "-" "Mozilla/5.0 (compatible; Bytespider; spider-feedback@bytedance.com) AppleWebKit/537.36 (KHTML, like Gecko) Chrome/70.0.0.0 Safari/537.36"
192.178.4.98 - - [02/Jul/2026:03:25:07 +0700] "GET /?l=07203109788202 HTTP/1.1" 200 2 "-" "Mozilla/5.0 (Linux; Android 6.0.1; Nexus 5X Build/MMB29P) AppleWebKit/537.36 (KHTML, like Gecko) Chrome/149.0.7827.200 Mobile Safari/537.36 (compatible; Googlebot/2.1; +http://www.google.com/bot.html)"
47.128.99.31 - - [02/Jul/2026:03:25:28 +0700] "GET /?attachment_id=1762 HTTP/1.1" 200 2 "-" "Mozilla/5.0 (Linux; Android 5.0) AppleWebKit/537.36 (KHTML, like Gecko) Mobile Safari/537.36 (compatible; Bytespider; spider-feedback@bytedance.com)"
192.178.4.97 - - [02/Jul/2026:03:25:49 +0700] "GET /?l=2695188122900 HTTP/1.1" 200 2 "-" "Mozilla/5.0 (Linux; Android 6.0.1; Nexus 5X Build/MMB29P) AppleWebKit/537.36 (KHTML, like Gecko) Chrome/149.0.7827.200 Mobile Safari/537.36 (compatible; Googlebot/2.1; +http://www.google.com/bot.html)"
192.178.4.97 - - [02/Jul/2026:03:26:30 +0700] "GET /?l=2474561422001 HTTP/1.1" 200 2 "-" "Mozilla/5.0 (Linux; Android 6.0.1; Nexus 5X Build/MMB29P) AppleWebKit/537.36 (KHTML, like Gecko) Chrome/149.0.7827.200 Mobile Safari/537.36 (compatible; Googlebot/2.1; +http://www.google.com/bot.html)"
47.128.99.78 - - [02/Jul/2026:03:27:19 +0700] "GET /?page_id=46 HTTP/1.1" 200 2 "-" "Mozilla/5.0 (Linux; Android 5.0) AppleWebKit/537.36 (KHTML, like Gecko) Mobile Safari/537.36 (compatible; Bytespider; spider-feedback@bytedance.com)"
192.178.4.97 - - [02/Jul/2026:03:27:46 +0700] "GET /?l=8611525650109 HTTP/1.1" 200 2 "-" "Mozilla/5.0 (Linux; Android 6.0.1; Nexus 5X Build/MMB29P) AppleWebKit/537.36 (KHTML, like Gecko) Chrome/149.0.7827.200 Mobile Safari/537.36 (compatible; Googlebot/2.1; +http://www.google.com/bot.html)"
192.178.4.97 - - [02/Jul/2026:03:28:06 +0700] "GET /?l=2764959714402 HTTP/1.1" 200 2 "-" "Mozilla/5.0 (Linux; Android 6.0.1; Nexus 5X Build/MMB29P) AppleWebKit/537.36 (KHTML, like Gecko) Chrome/149.0.7827.200 Mobile Safari/537.36 (compatible; Googlebot/2.1; +http://www.google.com/bot.html)"
192.178.4.97 - - [02/Jul/2026:03:28:29 +0700] "GET /15819990445.shtml HTTP/1.1" 200 2 "-" "Mozilla/5.0 (Linux; Android 6.0.1; Nexus 5X Build/MMB29P) AppleWebKit/537.36 (KHTML, like Gecko) Chrome/149.0.7827.200 Mobile Safari/537.36 (compatible; Googlebot/2.1; +http://www.google.com/bot.html)"
192.178.4.98 - - [02/Jul/2026:03:29:09 +0700] "GET /?l=82012258922103 HTTP/1.1" 200 2 "-" "Mozilla/5.0 (Linux; Android 6.0.1; Nexus 5X Build/MMB29P) AppleWebKit/537.36 (KHTML, like Gecko) Chrome/149.0.7827.200 Mobile Safari/537.36 (compatible; Googlebot/2.1; +http://www.google.com/bot.html)"
45.135.228.94 - - [02/Jul/2026:03:29:13 +0700] "GET /?page_id=9&lang=en HTTP/1.1" 200 2 "-" "Mozilla/5.0 (Macintosh; Intel Mac OS X 10_15_7) AppleWebKit/537.36 (KHTML, like Gecko) Chrome/146.0.0.0 Safari/537.36"
192.178.4.97 - - [02/Jul/2026:03:29:30 +0700] "GET /?l=4874353100504 HTTP/1.1" 200 2 "-" "Mozilla/5.0 (Linux; Android 6.0.1; Nexus 5X Build/MMB29P) AppleWebKit/537.36 (KHTML, like Gecko) Chrome/149.0.7827.200 Mobile Safari/537.36 (compatible; Googlebot/2.1; +http://www.google.com/bot.html)"
52.167.144.213 - - [02/Jul/2026:03:29:57 +0700] "GET /?l=90110195054800 HTTP/1.1" 200 2 "-" "Mozilla/5.0 AppleWebKit/537.36 (KHTML, like Gecko; compatible; bingbot/2.0; +http://www.bing.com/bingbot.htm) Chrome/116.0.1938.76 Safari/537.36"
192.178.4.97 - - [02/Jul/2026:03:29:58 +0700] "GET /?l=89381125365104 HTTP/1.1" 200 2 "-" "Mozilla/5.0 (Linux; Android 6.0.1; Nexus 5X Build/MMB29P) AppleWebKit/537.36 (KHTML, like Gecko) Chrome/149.0.7827.200 Mobile Safari/537.36 (compatible; Googlebot/2.1; +http://www.google.com/bot.html)"
192.178.4.98 - - [02/Jul/2026:03:31:13 +0700] "GET /?l=86592266357404 HTTP/1.1" 200 2 "-" "Mozilla/5.0 (Linux; Android 6.0.1; Nexus 5X Build/MMB29P) AppleWebKit/537.36 (KHTML, like Gecko) Chrome/149.0.7827.200 Mobile Safari/537.36 (compatible; Googlebot/2.1; +http://www.google.com/bot.html)"
192.178.4.97 - - [02/Jul/2026:03:31:34 +0700] "GET /?l=8127895964905 HTTP/1.1" 200 2 "-" "Mozilla/5.0 (Linux; Android 6.0.1; Nexus 5X Build/MMB29P) AppleWebKit/537.36 (KHTML, like Gecko) Chrome/149.0.7827.200 Mobile Safari/537.36 (compatible; Googlebot/2.1; +http://www.google.com/bot.html)"
192.178.4.97 - - [02/Jul/2026:03:33:18 +0700] "GET /?l=00855260472100 HTTP/1.1" 200 2 "-" "Mozilla/5.0 (Linux; Android 6.0.1; Nexus 5X Build/MMB29P) AppleWebKit/537.36 (KHTML, like Gecko) Chrome/149.0.7827.200 Mobile Safari/537.36 (compatible; Googlebot/2.1; +http://www.google.com/bot.html)"
192.178.4.97 - - [02/Jul/2026:03:34:46 +0700] "GET /062993709741.shtml HTTP/1.1" 200 2 "-" "Mozilla/5.0 (Linux; Android 6.0.1; Nexus 5X Build/MMB29P) AppleWebKit/537.36 (KHTML, like Gecko) Chrome/149.0.7827.200 Mobile Safari/537.36 (compatible; Googlebot/2.1; +http://www.google.com/bot.html)"
192.178.4.97 - - [02/Jul/2026:03:34:47 +0700] "GET /?l=89889103236701 HTTP/1.1" 200 2 "-" "Mozilla/5.0 (Linux; Android 6.0.1; Nexus 5X Build/MMB29P) AppleWebKit/537.36 (KHTML, like Gecko) Chrome/149.0.7827.200 Mobile Safari/537.36 (compatible; Googlebot/2.1; +http://www.google.com/bot.html)"
192.178.4.98 - - [02/Jul/2026:03:35:07 +0700] "GET /?l=8325479407100 HTTP/1.1" 200 2 "-" "Mozilla/5.0 (Linux; Android 6.0.1; Nexus 5X Build/MMB29P) AppleWebKit/537.36 (KHTML, like Gecko) Chrome/149.0.7827.200 Mobile Safari/537.36 (compatible; Googlebot/2.1; +http://www.google.com/bot.html)"
192.178.4.97 - - [02/Jul/2026:03:35:28 +0700] "GET /?l=5338148239406 HTTP/1.1" 200 2 "-" "Mozilla/5.0 (Linux; Android 6.0.1; Nexus 5X Build/MMB29P) AppleWebKit/537.36 (KHTML, like Gecko) Chrome/149.0.7827.200 Mobile Safari/537.36 (compatible; Googlebot/2.1; +http://www.google.com/bot.html)"
192.178.4.97 - - [02/Jul/2026:03:37:31 +0700] "GET /?l=2371075485105 HTTP/1.1" 200 2 "-" "Mozilla/5.0 (Linux; Android 6.0.1; Nexus 5X Build/MMB29P) AppleWebKit/537.36 (KHTML, like Gecko) Chrome/149.0.7827.200 Mobile Safari/537.36 (compatible; Googlebot/2.1; +http://www.google.com/bot.html)"
192.178.4.97 - - [02/Jul/2026:03:37:51 +0700] "GET /?l=8184681624002 HTTP/1.1" 200 2 "-" "Mozilla/5.0 (Linux; Android 6.0.1; Nexus 5X Build/MMB29P) AppleWebKit/537.36 (KHTML, like Gecko) Chrome/149.0.7827.200 Mobile Safari/537.36 (compatible; Googlebot/2.1; +http://www.google.com/bot.html)"
207.46.13.31 - - [02/Jul/2026:03:38:05 +0700] "GET /11606104308.shtml HTTP/1.1" 200 2 "-" "Mozilla/5.0 AppleWebKit/537.36 (KHTML, like Gecko; compatible; bingbot/2.0; +http://www.bing.com/bingbot.htm) Chrome/116.0.1938.76 Safari/537.36"
192.178.4.97 - - [02/Jul/2026:03:38:44 +0700] "GET /198611029929.shtml HTTP/1.1" 200 2 "-" "Mozilla/5.0 (Linux; Android 6.0.1; Nexus 5X Build/MMB29P) AppleWebKit/537.36 (KHTML, like Gecko) Chrome/149.0.7827.200 Mobile Safari/537.36 (compatible; Googlebot/2.1; +http://www.google.com/bot.html)"
192.178.4.97 - - [02/Jul/2026:03:38:45 +0700] "GET /?l=7526038421004 HTTP/1.1" 200 2 "-" "Mozilla/5.0 (Linux; Android 6.0.1; Nexus 5X Build/MMB29P) AppleWebKit/537.36 (KHTML, like Gecko) Chrome/149.0.7827.200 Mobile Safari/537.36 (compatible; Googlebot/2.1; +http://www.google.com/bot.html)"
192.178.4.97 - - [02/Jul/2026:03:39:40 +0700] "GET /?l=9796089671111 HTTP/1.1" 200 2 "-" "Mozilla/5.0 (Linux; Android 6.0.1; Nexus 5X Build/MMB29P) AppleWebKit/537.36 (KHTML, like Gecko) Chrome/149.0.7827.200 Mobile Safari/537.36 (compatible; Googlebot/2.1; +http://www.google.com/bot.html)"
192.178.4.97 - - [02/Jul/2026:03:40:01 +0700] "GET /?l=92899155499100 HTTP/1.1" 200 2 "-" "Mozilla/5.0 (Linux; Android 6.0.1; Nexus 5X Build/MMB29P) AppleWebKit/537.36 (KHTML, like Gecko) Chrome/149.0.7827.200 Mobile Safari/537.36 (compatible; Googlebot/2.1; +http://www.google.com/bot.html)"
192.178.4.97 - - [02/Jul/2026:03:40:22 +0700] "GET /?l=6773560924900 HTTP/1.1" 200 2 "-" "Mozilla/5.0 (Linux; Android 6.0.1; Nexus 5X Build/MMB29P) AppleWebKit/537.36 (KHTML, like Gecko) Chrome/149.0.7827.200 Mobile Safari/537.36 (compatible; Googlebot/2.1; +http://www.google.com/bot.html)"
192.178.4.97 - - [02/Jul/2026:03:40:42 +0700] "GET /?l=01388203885402 HTTP/1.1" 200 2 "-" "Mozilla/5.0 (Linux; Android 6.0.1; Nexus 5X Build/MMB29P) AppleWebKit/537.36 (KHTML, like Gecko) Chrome/149.0.7827.200 Mobile Safari/537.36 (compatible; Googlebot/2.1; +http://www.google.com/bot.html)"
192.178.4.97 - - [02/Jul/2026:03:41:37 +0700] "GET /?l=07149112294904 HTTP/1.1" 200 2 "-" "Mozilla/5.0 (Linux; Android 6.0.1; Nexus 5X Build/MMB29P) AppleWebKit/537.36 (KHTML, like Gecko) Chrome/149.0.7827.200 Mobile Safari/537.36 (compatible; Googlebot/2.1; +http://www.google.com/bot.html)"
47.128.99.94 - - [02/Jul/2026:03:44:56 +0700] "GET /?attachment_id=1796 HTTP/1.1" 200 2 "-" "Mozilla/5.0 (compatible; Bytespider; spider-feedback@bytedance.com) AppleWebKit/537.36 (KHTML, like Gecko) Chrome/70.0.0.0 Safari/537.36"
20.78.158.75 - - [02/Jul/2026:03:46:47 +0700] "GET /a.php HTTP/1.1" 403 2 "-" "Mozilla/5.0 (Windows NT 10.0; Win64; x64) AppleWebKit/537.36 (KHTML, like Gecko) Chrome/120.0.0.0 Safari/537.36"
20.78.158.75 - - [02/Jul/2026:03:46:47 +0700] "GET /aa.php HTTP/1.1" 403 2 "-" "Mozilla/5.0 (Windows NT 10.0; Win64; x64) AppleWebKit/537.36 (KHTML, like Gecko) Chrome/120.0.0.0 Safari/537.36"
20.78.158.75 - - [02/Jul/2026:03:46:47 +0700] "GET /aaa.php HTTP/1.1" 403 2 "-" "Mozilla/5.0 (Windows NT 10.0; Win64; x64) AppleWebKit/537.36 (KHTML, like Gecko) Chrome/120.0.0.0 Safari/537.36"
20.78.158.75 - - [02/Jul/2026:03:46:48 +0700] "GET /ab.php HTTP/1.1" 403 2 "-" "Mozilla/5.0 (Windows NT 10.0; Win64; x64) AppleWebKit/537.36 (KHTML, like Gecko) Chrome/120.0.0.0 Safari/537.36"
20.78.158.75 - - [02/Jul/2026:03:46:48 +0700] "GET /lock360.php HTTP/1.1" 200 2 "-" "Mozilla/5.0 (Windows NT 10.0; Win64; x64) AppleWebKit/537.36 (KHTML, like Gecko) Chrome/120.0.0.0 Safari/537.36"
20.78.158.75 - - [02/Jul/2026:03:46:48 +0700] "GET /anonse/lock360.php HTTP/1.1" 200 2 "-" "Mozilla/5.0 (Windows NT 10.0; Win64; x64) AppleWebKit/537.36 (KHTML, like Gecko) Chrome/120.0.0.0 Safari/537.36"
20.78.158.75 - - [02/Jul/2026:03:46:48 +0700] "GET /file5.php HTTP/1.1" 403 2 "-" "Mozilla/5.0 (Windows NT 10.0; Win64; x64) AppleWebKit/537.36 (KHTML, like Gecko) Chrome/120.0.0.0 Safari/537.36"
20.78.158.75 - - [02/Jul/2026:03:46:48 +0700] "GET /sitemaps.php HTTP/1.1" 403 2 "-" "Mozilla/5.0 (Windows NT 10.0; Win64; x64) AppleWebKit/537.36 (KHTML, like Gecko) Chrome/120.0.0.0 Safari/537.36"
20.78.158.75 - - [02/Jul/2026:03:46:48 +0700] "GET /ioxi-o.php HTTP/1.1" 403 2 "-" "Mozilla/5.0 (Windows NT 10.0; Win64; x64) AppleWebKit/537.36 (KHTML, like Gecko) Chrome/120.0.0.0 Safari/537.36"
20.78.158.75 - - [02/Jul/2026:03:46:48 +0700] "GET /load.php HTTP/1.1" 403 2 "-" "Mozilla/5.0 (Windows NT 10.0; Win64; x64) AppleWebKit/537.36 (KHTML, like Gecko) Chrome/120.0.0.0 Safari/537.36"
20.78.158.75 - - [02/Jul/2026:03:46:48 +0700] "GET /k.php HTTP/1.1" 403 2 "-" "Mozilla/5.0 (Windows NT 10.0; Win64; x64) AppleWebKit/537.36 (KHTML, like Gecko) Chrome/120.0.0.0 Safari/537.36"
20.78.158.75 - - [02/Jul/2026:03:46:49 +0700] "GET /autoload_classmap.php HTTP/1.1" 403 2 "-" "Mozilla/5.0 (Windows NT 10.0; Win64; x64) AppleWebKit/537.36 (KHTML, like Gecko) Chrome/120.0.0.0 Safari/537.36"
20.78.158.75 - - [02/Jul/2026:03:46:49 +0700] "GET /post.php HTTP/1.1" 403 2 "-" "Mozilla/5.0 (Windows NT 10.0; Win64; x64) AppleWebKit/537.36 (KHTML, like Gecko) Chrome/120.0.0.0 Safari/537.36"
20.78.158.75 - - [02/Jul/2026:03:46:49 +0700] "GET /1.php HTTP/1.1" 403 2 "-" "Mozilla/5.0 (Windows NT 10.0; Win64; x64) AppleWebKit/537.36 (KHTML, like Gecko) Chrome/120.0.0.0 Safari/537.36"
20.78.158.75 - - [02/Jul/2026:03:46:49 +0700] "GET /flower.php HTTP/1.1" 403 2 "-" "Mozilla/5.0 (Windows NT 10.0; Win64; x64) AppleWebKit/537.36 (KHTML, like Gecko) Chrome/120.0.0.0 Safari/537.36"
20.78.158.75 - - [02/Jul/2026:03:46:49 +0700] "GET /admin.php HTTP/1.1" 200 2 "-" "Mozilla/5.0 (Windows NT 10.0; Win64; x64) AppleWebKit/537.36 (KHTML, like Gecko) Chrome/120.0.0.0 Safari/537.36"
20.78.158.75 - - [02/Jul/2026:03:46:49 +0700] "GET /file.php HTTP/1.1" 403 2 "-" "Mozilla/5.0 (Windows NT 10.0; Win64; x64) AppleWebKit/537.36 (KHTML, like Gecko) Chrome/120.0.0.0 Safari/537.36"
20.78.158.75 - - [02/Jul/2026:03:46:49 +0700] "GET /default.php HTTP/1.1" 403 2 "-" "Mozilla/5.0 (Windows NT 10.0; Win64; x64) AppleWebKit/537.36 (KHTML, like Gecko) Chrome/120.0.0.0 Safari/537.36"
20.78.158.75 - - [02/Jul/2026:03:46:49 +0700] "GET /defaults.php HTTP/1.1" 403 2 "-" "Mozilla/5.0 (Windows NT 10.0; Win64; x64) AppleWebKit/537.36 (KHTML, like Gecko) Chrome/120.0.0.0 Safari/537.36"
20.78.158.75 - - [02/Jul/2026:03:46:50 +0700] "GET /meta.php HTTP/1.1" 403 2 "-" "Mozilla/5.0 (Windows NT 10.0; Win64; x64) AppleWebKit/537.36 (KHTML, like Gecko) Chrome/120.0.0.0 Safari/537.36"
20.78.158.75 - - [02/Jul/2026:03:46:50 +0700] "GET /index.php HTTP/1.1" 200 2 "-" "Mozilla/5.0 (Windows NT 10.0; Win64; x64) AppleWebKit/537.36 (KHTML, like Gecko) Chrome/120.0.0.0 Safari/537.36"
20.78.158.75 - - [02/Jul/2026:03:46:50 +0700] "GET /about.php HTTP/1.1" 200 2 "-" "Mozilla/5.0 (Windows NT 10.0; Win64; x64) AppleWebKit/537.36 (KHTML, like Gecko) Chrome/120.0.0.0 Safari/537.36"
20.78.158.75 - - [02/Jul/2026:03:46:50 +0700] "GET /randkeyword.php HTTP/1.1" 403 2 "-" "Mozilla/5.0 (Windows NT 10.0; Win64; x64) AppleWebKit/537.36 (KHTML, like Gecko) Chrome/120.0.0.0 Safari/537.36"
20.78.158.75 - - [02/Jul/2026:03:46:50 +0700] "GET /goods.php HTTP/1.1" 403 2 "-" "Mozilla/5.0 (Windows NT 10.0; Win64; x64) AppleWebKit/537.36 (KHTML, like Gecko) Chrome/120.0.0.0 Safari/537.36"
20.78.158.75 - - [02/Jul/2026:03:46:50 +0700] "GET /hehe.php HTTP/1.1" 403 2 "-" "Mozilla/5.0 (Windows NT 10.0; Win64; x64) AppleWebKit/537.36 (KHTML, like Gecko) Chrome/120.0.0.0 Safari/537.36"
20.78.158.75 - - [02/Jul/2026:03:46:50 +0700] "GET /user.php HTTP/1.1" 403 2 "-" "Mozilla/5.0 (Windows NT 10.0; Win64; x64) AppleWebKit/537.36 (KHTML, like Gecko) Chrome/120.0.0.0 Safari/537.36"
20.78.158.75 - - [02/Jul/2026:03:46:50 +0700] "GET /wp-2019.php HTTP/1.1" 403 2 "-" "Mozilla/5.0 (Windows NT 10.0; Win64; x64) AppleWebKit/537.36 (KHTML, like Gecko) Chrome/120.0.0.0 Safari/537.36"
20.78.158.75 - - [02/Jul/2026:03:46:51 +0700] "GET /chosen.php HTTP/1.1" 403 2 "-" "Mozilla/5.0 (Windows NT 10.0; Win64; x64) AppleWebKit/537.36 (KHTML, like Gecko) Chrome/120.0.0.0 Safari/537.36"
20.78.158.75 - - [02/Jul/2026:03:46:51 +0700] "GET /functions.php HTTP/1.1" 403 2 "-" "Mozilla/5.0 (Windows NT 10.0; Win64; x64) AppleWebKit/537.36 (KHTML, like Gecko) Chrome/120.0.0.0 Safari/537.36"
20.78.158.75 - - [02/Jul/2026:03:46:51 +0700] "GET /cron.php HTTP/1.1" 403 2 "-" "Mozilla/5.0 (Windows NT 10.0; Win64; x64) AppleWebKit/537.36 (KHTML, like Gecko) Chrome/120.0.0.0 Safari/537.36"
20.78.158.75 - - [02/Jul/2026:03:46:51 +0700] "GET /edit.php HTTP/1.1" 403 2 "-" "Mozilla/5.0 (Windows NT 10.0; Win64; x64) AppleWebKit/537.36 (KHTML, like Gecko) Chrome/120.0.0.0 Safari/537.36"
20.78.158.75 - - [02/Jul/2026:03:46:51 +0700] "GET /gecko-new.php HTTP/1.1" 403 2 "-" "Mozilla/5.0 (Windows NT 10.0; Win64; x64) AppleWebKit/537.36 (KHTML, like Gecko) Chrome/120.0.0.0 Safari/537.36"
20.78.158.75 - - [02/Jul/2026:03:46:51 +0700] "GET /cookie.php HTTP/1.1" 403 2 "-" "Mozilla/5.0 (Windows NT 10.0; Win64; x64) AppleWebKit/537.36 (KHTML, like Gecko) Chrome/120.0.0.0 Safari/537.36"
20.78.158.75 - - [02/Jul/2026:03:46:51 +0700] "GET /xleet.php HTTP/1.1" 403 2 "-" "Mozilla/5.0 (Windows NT 10.0; Win64; x64) AppleWebKit/537.36 (KHTML, like Gecko) Chrome/120.0.0.0 Safari/537.36"
20.78.158.75 - - [02/Jul/2026:03:46:51 +0700] "GET /root.php HTTP/1.1" 403 2 "-" "Mozilla/5.0 (Windows NT 10.0; Win64; x64) AppleWebKit/537.36 (KHTML, like Gecko) Chrome/120.0.0.0 Safari/537.36"
20.78.158.75 - - [02/Jul/2026:03:46:52 +0700] "GET /menu.php HTTP/1.1" 403 2 "-" "Mozilla/5.0 (Windows NT 10.0; Win64; x64) AppleWebKit/537.36 (KHTML, like Gecko) Chrome/120.0.0.0 Safari/537.36"
20.78.158.75 - - [02/Jul/2026:03:46:52 +0700] "GET /plugin.php HTTP/1.1" 403 2 "-" "Mozilla/5.0 (Windows NT 10.0; Win64; x64) AppleWebKit/537.36 (KHTML, like Gecko) Chrome/120.0.0.0 Safari/537.36"
20.78.158.75 - - [02/Jul/2026:03:46:52 +0700] "GET /cloud.php HTTP/1.1" 403 2 "-" "Mozilla/5.0 (Windows NT 10.0; Win64; x64) AppleWebKit/537.36 (KHTML, like Gecko) Chrome/120.0.0.0 Safari/537.36"
20.78.158.75 - - [02/Jul/2026:03:46:52 +0700] "GET /configs.php HTTP/1.1" 403 2 "-" "Mozilla/5.0 (Windows NT 10.0; Win64; x64) AppleWebKit/537.36 (KHTML, like Gecko) Chrome/120.0.0.0 Safari/537.36"
20.78.158.75 - - [02/Jul/2026:03:46:52 +0700] "GET /wp-configs.php HTTP/1.1" 403 2 "-" "Mozilla/5.0 (Windows NT 10.0; Win64; x64) AppleWebKit/537.36 (KHTML, like Gecko) Chrome/120.0.0.0 Safari/537.36"
20.78.158.75 - - [02/Jul/2026:03:46:52 +0700] "GET /update.php HTTP/1.1" 403 2 "-" "Mozilla/5.0 (Windows NT 10.0; Win64; x64) AppleWebKit/537.36 (KHTML, like Gecko) Chrome/120.0.0.0 Safari/537.36"
20.78.158.75 - - [02/Jul/2026:03:46:52 +0700] "GET /2.php HTTP/1.1" 403 2 "-" "Mozilla/5.0 (Windows NT 10.0; Win64; x64) AppleWebKit/537.36 (KHTML, like Gecko) Chrome/120.0.0.0 Safari/537.36"
20.78.158.75 - - [02/Jul/2026:03:46:52 +0700] "GET /input.php HTTP/1.1" 403 2 "-" "Mozilla/5.0 (Windows NT 10.0; Win64; x64) AppleWebKit/537.36 (KHTML, like Gecko) Chrome/120.0.0.0 Safari/537.36"
20.78.158.75 - - [02/Jul/2026:03:46:53 +0700] "GET /aaa.php HTTP/1.1" 403 2 "-" "Mozilla/5.0 (Windows NT 10.0; Win64; x64) AppleWebKit/537.36 (KHTML, like Gecko) Chrome/120.0.0.0 Safari/537.36"
20.78.158.75 - - [02/Jul/2026:03:46:53 +0700] "GET /spip.php HTTP/1.1" 403 2 "-" "Mozilla/5.0 (Windows NT 10.0; Win64; x64) AppleWebKit/537.36 (KHTML, like Gecko) Chrome/120.0.0.0 Safari/537.36"
20.78.158.75 - - [02/Jul/2026:03:46:53 +0700] "GET /22.php HTTP/1.1" 403 2 "-" "Mozilla/5.0 (Windows NT 10.0; Win64; x64) AppleWebKit/537.36 (KHTML, like Gecko) Chrome/120.0.0.0 Safari/537.36"
20.78.158.75 - - [02/Jul/2026:03:46:53 +0700] "GET /room.php HTTP/1.1" 403 2 "-" "Mozilla/5.0 (Windows NT 10.0; Win64; x64) AppleWebKit/537.36 (KHTML, like Gecko) Chrome/120.0.0.0 Safari/537.36"
20.78.158.75 - - [02/Jul/2026:03:46:53 +0700] "GET /disagreed.php HTTP/1.1" 403 2 "-" "Mozilla/5.0 (Windows NT 10.0; Win64; x64) AppleWebKit/537.36 (KHTML, like Gecko) Chrome/120.0.0.0 Safari/537.36"
20.78.158.75 - - [02/Jul/2026:03:46:53 +0700] "GET /text.php HTTP/1.1" 403 2 "-" "Mozilla/5.0 (Windows NT 10.0; Win64; x64) AppleWebKit/537.36 (KHTML, like Gecko) Chrome/120.0.0.0 Safari/537.36"
20.78.158.75 - - [02/Jul/2026:03:46:53 +0700] "GET /alfa-rex.php HTTP/1.1" 403 2 "-" "Mozilla/5.0 (Windows NT 10.0; Win64; x64) AppleWebKit/537.36 (KHTML, like Gecko) Chrome/120.0.0.0 Safari/537.36"
20.78.158.75 - - [02/Jul/2026:03:46:54 +0700] "GET /alfa-rex.php7 HTTP/1.1" 200 2 "-" "Mozilla/5.0 (Windows NT 10.0; Win64; x64) AppleWebKit/537.36 (KHTML, like Gecko) Chrome/120.0.0.0 Safari/537.36"
