176.123.8.39 - - [01/Jul/2026:15:44:25 +0700] "GET /wp-admin/edit.php HTTP/1.1" 403 2 "https://dopla.maf.gov.la/wp-login.php" "Mozilla/5.0 (Macintosh; Intel Mac OS X 13_6_1) AppleWebKit/537.36 (KHTML, like Gecko) Chrome/118.0.0.0 Safari/537.36"
176.123.8.39 - - [01/Jul/2026:15:44:25 +0700] "GET /wp-admin/plugins.php HTTP/1.1" 403 2 "https://dopla.maf.gov.la/wp-login.php" "Mozilla/5.0 (Macintosh; Intel Mac OS X 13_6_1) AppleWebKit/537.36 (KHTML, like Gecko) Chrome/118.0.0.0 Safari/537.36"
176.123.8.39 - - [01/Jul/2026:15:44:26 +0700] "POST /wp-login.php HTTP/1.1" 200 4022 "https://dopla.maf.gov.la/wp-login.php" "Mozilla/5.0 (Macintosh; Intel Mac OS X 10_15_7) AppleWebKit/537.36 (KHTML, like Gecko) Chrome/119.0.0.0 Safari/537.36"
176.123.8.39 - - [01/Jul/2026:15:44:27 +0700] "GET /wp-admin/index.php HTTP/1.1" 500 - "https://dopla.maf.gov.la/wp-login.php" "Mozilla/5.0 (Windows NT 10.0; Win64; x64) AppleWebKit/537.36 (KHTML, like Gecko) Chrome/120.0.0.0 Safari/537.36"
176.123.8.39 - - [01/Jul/2026:15:44:30 +0700] "GET /wp-admin/profile.php HTTP/1.1" 403 2 "https://dopla.maf.gov.la/wp-login.php" "Mozilla/5.0 (Windows NT 10.0; Win64; x64) AppleWebKit/537.36 (KHTML, like Gecko) Chrome/120.0.0.0 Safari/537.36"
176.123.8.39 - - [01/Jul/2026:15:44:30 +0700] "GET /wp-admin/edit.php HTTP/1.1" 403 2 "https://dopla.maf.gov.la/wp-login.php" "Mozilla/5.0 (Windows NT 10.0; Win64; x64) AppleWebKit/537.36 (KHTML, like Gecko) Chrome/120.0.0.0 Safari/537.36"
176.123.8.39 - - [01/Jul/2026:15:44:31 +0700] "GET /wp-admin/plugins.php HTTP/1.1" 403 2 "https://dopla.maf.gov.la/wp-login.php" "Mozilla/5.0 (Windows NT 10.0; Win64; x64) AppleWebKit/537.36 (KHTML, like Gecko) Chrome/120.0.0.0 Safari/537.36"
176.123.8.39 - - [01/Jul/2026:15:44:32 +0700] "POST /wp-login.php HTTP/1.1" 200 4022 "https://dopla.maf.gov.la/wp-login.php" "Mozilla/5.0 (X11; Linux x86_64) AppleWebKit/537.36 (KHTML, like Gecko) Chrome/120.0.0.0 Safari/537.36"
176.123.8.39 - - [01/Jul/2026:15:44:32 +0700] "GET /wp-admin/index.php HTTP/1.1" 500 - "https://dopla.maf.gov.la/wp-login.php" "Mozilla/5.0 (X11; Linux x86_64) AppleWebKit/537.36 (KHTML, like Gecko) Chrome/120.0.0.0 Safari/537.36"
176.123.8.39 - - [01/Jul/2026:15:44:34 +0700] "GET /wp-admin/profile.php HTTP/1.1" 403 2 "https://dopla.maf.gov.la/wp-login.php" "Mozilla/5.0 (X11; Linux x86_64) AppleWebKit/537.36 (KHTML, like Gecko) Chrome/120.0.0.0 Safari/537.36"
176.123.8.39 - - [01/Jul/2026:15:44:36 +0700] "GET /wp-admin/edit.php HTTP/1.1" 403 2 "https://dopla.maf.gov.la/wp-login.php" "Mozilla/5.0 (X11; Linux x86_64) AppleWebKit/537.36 (KHTML, like Gecko) Chrome/120.0.0.0 Safari/537.36"
176.123.8.39 - - [01/Jul/2026:15:44:36 +0700] "GET /wp-admin/plugins.php HTTP/1.1" 403 2 "https://dopla.maf.gov.la/wp-login.php" "Mozilla/5.0 (X11; Linux x86_64) AppleWebKit/537.36 (KHTML, like Gecko) Chrome/120.0.0.0 Safari/537.36"
176.123.8.39 - - [01/Jul/2026:15:44:37 +0700] "POST /wp-login.php HTTP/1.1" 200 4022 "https://dopla.maf.gov.la/wp-login.php" "Mozilla/5.0 (Macintosh; Intel Mac OS X 10_15_7) AppleWebKit/537.36 (KHTML, like Gecko) Chrome/119.0.0.0 Safari/537.36"
176.123.8.39 - - [01/Jul/2026:15:44:39 +0700] "GET /wp-admin/index.php HTTP/1.1" 500 - "https://dopla.maf.gov.la/wp-login.php" "Mozilla/5.0 (X11; Linux x86_64) AppleWebKit/537.36 (KHTML, like Gecko) Chrome/120.0.0.0 Safari/537.36"
176.123.8.39 - - [01/Jul/2026:15:44:41 +0700] "GET /wp-admin/profile.php HTTP/1.1" 403 2 "https://dopla.maf.gov.la/wp-login.php" "Mozilla/5.0 (X11; Linux x86_64) AppleWebKit/537.36 (KHTML, like Gecko) Chrome/120.0.0.0 Safari/537.36"
176.123.8.39 - - [01/Jul/2026:15:44:42 +0700] "GET /wp-admin/edit.php HTTP/1.1" 403 2 "https://dopla.maf.gov.la/wp-login.php" "Mozilla/5.0 (X11; Linux x86_64) AppleWebKit/537.36 (KHTML, like Gecko) Chrome/120.0.0.0 Safari/537.36"
176.123.8.39 - - [01/Jul/2026:15:44:42 +0700] "GET /wp-admin/plugins.php HTTP/1.1" 403 2 "https://dopla.maf.gov.la/wp-login.php" "Mozilla/5.0 (X11; Linux x86_64) AppleWebKit/537.36 (KHTML, like Gecko) Chrome/120.0.0.0 Safari/537.36"
176.123.8.39 - - [01/Jul/2026:15:44:43 +0700] "POST /wp-login.php HTTP/1.1" 200 3987 "https://dopla.maf.gov.la/wp-login.php" "Mozilla/5.0 (Macintosh; Intel Mac OS X 10_15_7) AppleWebKit/605.1.15 (KHTML, like Gecko) Version/16.6 Safari/605.1.15"
176.123.8.39 - - [01/Jul/2026:15:44:44 +0700] "GET /wp-admin/index.php HTTP/1.1" 500 - "https://dopla.maf.gov.la/wp-login.php" "Mozilla/5.0 (Macintosh; Intel Mac OS X 13_6_1) AppleWebKit/537.36 (KHTML, like Gecko) Chrome/119.0.0.0 Safari/537.36"
176.123.8.39 - - [01/Jul/2026:15:44:46 +0700] "GET /wp-admin/profile.php HTTP/1.1" 403 2 "https://dopla.maf.gov.la/wp-login.php" "Mozilla/5.0 (Macintosh; Intel Mac OS X 13_6_1) AppleWebKit/537.36 (KHTML, like Gecko) Chrome/119.0.0.0 Safari/537.36"
176.123.8.39 - - [01/Jul/2026:15:44:47 +0700] "GET /wp-admin/edit.php HTTP/1.1" 403 2 "https://dopla.maf.gov.la/wp-login.php" "Mozilla/5.0 (Macintosh; Intel Mac OS X 13_6_1) AppleWebKit/537.36 (KHTML, like Gecko) Chrome/119.0.0.0 Safari/537.36"
176.123.8.39 - - [01/Jul/2026:15:44:48 +0700] "GET /wp-admin/plugins.php HTTP/1.1" 403 2 "https://dopla.maf.gov.la/wp-login.php" "Mozilla/5.0 (Macintosh; Intel Mac OS X 13_6_1) AppleWebKit/537.36 (KHTML, like Gecko) Chrome/119.0.0.0 Safari/537.36"
176.123.8.39 - - [01/Jul/2026:15:44:49 +0700] "POST /wp-login.php HTTP/1.1" 200 4022 "https://dopla.maf.gov.la/wp-login.php" "Mozilla/5.0 (Macintosh; Intel Mac OS X 10_15_7) AppleWebKit/605.1.15 (KHTML, like Gecko) Version/17.2 Safari/605.1.15"
176.123.8.39 - - [01/Jul/2026:15:44:50 +0700] "GET /wp-admin/index.php HTTP/1.1" 500 - "https://dopla.maf.gov.la/wp-login.php" "Mozilla/5.0 (Windows NT 11.0; Win64; x64) AppleWebKit/537.36 (KHTML, like Gecko) Chrome/121.0.0.0 Safari/537.36"
176.123.8.39 - - [01/Jul/2026:15:44:52 +0700] "GET /wp-admin/profile.php HTTP/1.1" 403 2 "https://dopla.maf.gov.la/wp-login.php" "Mozilla/5.0 (Windows NT 11.0; Win64; x64) AppleWebKit/537.36 (KHTML, like Gecko) Chrome/121.0.0.0 Safari/537.36"
176.123.8.39 - - [01/Jul/2026:15:44:53 +0700] "GET /wp-admin/edit.php HTTP/1.1" 403 2 "https://dopla.maf.gov.la/wp-login.php" "Mozilla/5.0 (Windows NT 11.0; Win64; x64) AppleWebKit/537.36 (KHTML, like Gecko) Chrome/121.0.0.0 Safari/537.36"
176.123.8.39 - - [01/Jul/2026:15:44:54 +0700] "GET /wp-admin/plugins.php HTTP/1.1" 403 2 "https://dopla.maf.gov.la/wp-login.php" "Mozilla/5.0 (Windows NT 11.0; Win64; x64) AppleWebKit/537.36 (KHTML, like Gecko) Chrome/121.0.0.0 Safari/537.36"
176.123.8.39 - - [01/Jul/2026:15:44:54 +0700] "POST /wp-login.php HTTP/1.1" 200 4022 "https://dopla.maf.gov.la/wp-login.php" "Mozilla/5.0 (Macintosh; Intel Mac OS X 13_6_1) AppleWebKit/605.1.15 (KHTML, like Gecko) Version/17.0 Safari/605.1.15"
176.123.8.39 - - [01/Jul/2026:15:44:55 +0700] "GET /wp-admin/index.php HTTP/1.1" 500 - "https://dopla.maf.gov.la/wp-login.php" "Mozilla/5.0 (Macintosh; Intel Mac OS X 13_6_1; rv:120.0) Gecko/20100101 Firefox/120.0"
176.123.8.39 - - [01/Jul/2026:15:44:57 +0700] "GET /wp-admin/profile.php HTTP/1.1" 403 2 "https://dopla.maf.gov.la/wp-login.php" "Mozilla/5.0 (Macintosh; Intel Mac OS X 13_6_1; rv:120.0) Gecko/20100101 Firefox/120.0"
176.123.8.39 - - [01/Jul/2026:15:44:57 +0700] "GET /wp-admin/edit.php HTTP/1.1" 403 2 "https://dopla.maf.gov.la/wp-login.php" "Mozilla/5.0 (Macintosh; Intel Mac OS X 13_6_1; rv:120.0) Gecko/20100101 Firefox/120.0"
176.123.8.39 - - [01/Jul/2026:15:44:58 +0700] "GET /wp-admin/plugins.php HTTP/1.1" 403 2 "https://dopla.maf.gov.la/wp-login.php" "Mozilla/5.0 (Macintosh; Intel Mac OS X 13_6_1; rv:120.0) Gecko/20100101 Firefox/120.0"
176.123.8.39 - - [01/Jul/2026:15:44:59 +0700] "POST /wp-login.php HTTP/1.1" 200 4022 "https://dopla.maf.gov.la/wp-login.php" "Mozilla/5.0 (Macintosh; Intel Mac OS X 13_6_1) AppleWebKit/537.36 (KHTML, like Gecko) Chrome/121.0.0.0 Safari/537.36"
176.123.8.39 - - [01/Jul/2026:15:45:00 +0700] "GET /wp-admin/index.php HTTP/1.1" 500 - "https://dopla.maf.gov.la/wp-login.php" "Mozilla/5.0 (Macintosh; Intel Mac OS X 13_6_1) AppleWebKit/605.1.15 (KHTML, like Gecko) Version/17.0 Safari/605.1.15"
176.123.8.39 - - [01/Jul/2026:15:45:01 +0700] "GET /wp-admin/profile.php HTTP/1.1" 403 2 "https://dopla.maf.gov.la/wp-login.php" "Mozilla/5.0 (Macintosh; Intel Mac OS X 13_6_1) AppleWebKit/605.1.15 (KHTML, like Gecko) Version/17.0 Safari/605.1.15"
176.123.8.39 - - [01/Jul/2026:15:45:02 +0700] "GET /wp-admin/edit.php HTTP/1.1" 403 2 "https://dopla.maf.gov.la/wp-login.php" "Mozilla/5.0 (Macintosh; Intel Mac OS X 13_6_1) AppleWebKit/605.1.15 (KHTML, like Gecko) Version/17.0 Safari/605.1.15"
176.123.8.39 - - [01/Jul/2026:15:45:03 +0700] "GET /wp-admin/plugins.php HTTP/1.1" 403 2 "https://dopla.maf.gov.la/wp-login.php" "Mozilla/5.0 (Macintosh; Intel Mac OS X 13_6_1) AppleWebKit/605.1.15 (KHTML, like Gecko) Version/17.0 Safari/605.1.15"
176.123.8.39 - - [01/Jul/2026:15:45:05 +0700] "POST /wp-login.php HTTP/1.1" 200 4022 "https://dopla.maf.gov.la/wp-login.php" "Mozilla/5.0 (X11; Ubuntu; Linux x86_64) AppleWebKit/537.36 (KHTML, like Gecko) Chrome/119.0.0.0 Safari/537.36"
176.123.8.39 - - [01/Jul/2026:15:45:05 +0700] "GET /wp-admin/index.php HTTP/1.1" 500 - "https://dopla.maf.gov.la/wp-login.php" "Mozilla/5.0 (Macintosh; Intel Mac OS X 10_15_7) AppleWebKit/537.36 (KHTML, like Gecko) Chrome/120.0.0.0 Safari/537.36"
176.123.8.39 - - [01/Jul/2026:15:45:07 +0700] "GET /wp-admin/profile.php HTTP/1.1" 403 2 "https://dopla.maf.gov.la/wp-login.php" "Mozilla/5.0 (Macintosh; Intel Mac OS X 10_15_7) AppleWebKit/537.36 (KHTML, like Gecko) Chrome/120.0.0.0 Safari/537.36"
176.123.8.39 - - [01/Jul/2026:15:45:08 +0700] "GET /wp-admin/edit.php HTTP/1.1" 403 2 "https://dopla.maf.gov.la/wp-login.php" "Mozilla/5.0 (Macintosh; Intel Mac OS X 10_15_7) AppleWebKit/537.36 (KHTML, like Gecko) Chrome/120.0.0.0 Safari/537.36"
176.123.8.39 - - [01/Jul/2026:15:45:09 +0700] "GET /wp-admin/plugins.php HTTP/1.1" 403 2 "https://dopla.maf.gov.la/wp-login.php" "Mozilla/5.0 (Macintosh; Intel Mac OS X 10_15_7) AppleWebKit/537.36 (KHTML, like Gecko) Chrome/120.0.0.0 Safari/537.36"
176.123.8.39 - - [01/Jul/2026:15:45:10 +0700] "POST /wp-login.php HTTP/1.1" 200 4022 "https://dopla.maf.gov.la/wp-login.php" "Mozilla/5.0 (Macintosh; Intel Mac OS X 13_6_1) AppleWebKit/537.36 (KHTML, like Gecko) Chrome/121.0.0.0 Safari/537.36"
176.123.8.39 - - [01/Jul/2026:15:45:10 +0700] "GET /wp-admin/index.php HTTP/1.1" 500 - "https://dopla.maf.gov.la/wp-login.php" "Mozilla/5.0 (Windows NT 10.0; Win64; x64) AppleWebKit/537.36 (KHTML, like Gecko) Chrome/120.0.0.0 Safari/537.36"
176.123.8.39 - - [01/Jul/2026:15:45:13 +0700] "GET /wp-admin/profile.php HTTP/1.1" 403 2 "https://dopla.maf.gov.la/wp-login.php" "Mozilla/5.0 (Windows NT 10.0; Win64; x64) AppleWebKit/537.36 (KHTML, like Gecko) Chrome/120.0.0.0 Safari/537.36"
176.123.8.39 - - [01/Jul/2026:15:45:13 +0700] "GET /wp-admin/edit.php HTTP/1.1" 403 2 "https://dopla.maf.gov.la/wp-login.php" "Mozilla/5.0 (Windows NT 10.0; Win64; x64) AppleWebKit/537.36 (KHTML, like Gecko) Chrome/120.0.0.0 Safari/537.36"
176.123.8.39 - - [01/Jul/2026:15:45:14 +0700] "GET /wp-admin/plugins.php HTTP/1.1" 403 2 "https://dopla.maf.gov.la/wp-login.php" "Mozilla/5.0 (Windows NT 10.0; Win64; x64) AppleWebKit/537.36 (KHTML, like Gecko) Chrome/120.0.0.0 Safari/537.36"
176.123.8.39 - - [01/Jul/2026:15:45:14 +0700] "POST /wp-login.php HTTP/1.1" 200 4022 "https://dopla.maf.gov.la/wp-login.php" "Mozilla/5.0 (Windows NT 10.0; Win64; x64; rv:121.0) Gecko/20100101 Firefox/121.0"
176.123.8.39 - - [01/Jul/2026:15:45:16 +0700] "GET /wp-admin/index.php HTTP/1.1" 500 - "https://dopla.maf.gov.la/wp-login.php" "Mozilla/5.0 (Macintosh; Intel Mac OS X 13_6_1) AppleWebKit/537.36 (KHTML, like Gecko) Chrome/118.0.0.0 Safari/537.36"
176.123.8.39 - - [01/Jul/2026:15:45:19 +0700] "GET /wp-admin/profile.php HTTP/1.1" 403 2 "https://dopla.maf.gov.la/wp-login.php" "Mozilla/5.0 (Macintosh; Intel Mac OS X 13_6_1) AppleWebKit/537.36 (KHTML, like Gecko) Chrome/118.0.0.0 Safari/537.36"
176.123.8.39 - - [01/Jul/2026:15:45:20 +0700] "GET /wp-admin/edit.php HTTP/1.1" 403 2 "https://dopla.maf.gov.la/wp-login.php" "Mozilla/5.0 (Macintosh; Intel Mac OS X 13_6_1) AppleWebKit/537.36 (KHTML, like Gecko) Chrome/118.0.0.0 Safari/537.36"
176.123.8.39 - - [01/Jul/2026:15:45:21 +0700] "GET /wp-admin/plugins.php HTTP/1.1" 403 2 "https://dopla.maf.gov.la/wp-login.php" "Mozilla/5.0 (Macintosh; Intel Mac OS X 13_6_1) AppleWebKit/537.36 (KHTML, like Gecko) Chrome/118.0.0.0 Safari/537.36"
176.123.8.39 - - [01/Jul/2026:15:45:21 +0700] "POST /wp-login.php HTTP/1.1" 200 4022 "https://dopla.maf.gov.la/wp-login.php" "Mozilla/5.0 (Macintosh; Intel Mac OS X 10_15_7) AppleWebKit/537.36 (KHTML, like Gecko) Chrome/121.0.0.0 Safari/537.36"
176.123.8.39 - - [01/Jul/2026:15:45:23 +0700] "GET /wp-admin/index.php HTTP/1.1" 500 - "https://dopla.maf.gov.la/wp-login.php" "Mozilla/5.0 (Macintosh; Intel Mac OS X 10_15_7; rv:119.0) Gecko/20100101 Firefox/119.0"
176.123.8.39 - - [01/Jul/2026:15:45:24 +0700] "GET /wp-admin/profile.php HTTP/1.1" 403 2 "https://dopla.maf.gov.la/wp-login.php" "Mozilla/5.0 (Macintosh; Intel Mac OS X 10_15_7; rv:119.0) Gecko/20100101 Firefox/119.0"
176.123.8.39 - - [01/Jul/2026:15:45:25 +0700] "GET /wp-admin/edit.php HTTP/1.1" 403 2 "https://dopla.maf.gov.la/wp-login.php" "Mozilla/5.0 (Macintosh; Intel Mac OS X 10_15_7; rv:119.0) Gecko/20100101 Firefox/119.0"
176.123.8.39 - - [01/Jul/2026:15:45:26 +0700] "GET /wp-admin/plugins.php HTTP/1.1" 403 2 "https://dopla.maf.gov.la/wp-login.php" "Mozilla/5.0 (Macintosh; Intel Mac OS X 10_15_7; rv:119.0) Gecko/20100101 Firefox/119.0"
176.123.8.39 - - [01/Jul/2026:15:45:27 +0700] "POST /wp-login.php HTTP/1.1" 200 3987 "https://dopla.maf.gov.la/wp-login.php" "Mozilla/5.0 (Macintosh; Intel Mac OS X 13_6_1) AppleWebKit/537.36 (KHTML, like Gecko) Chrome/120.0.0.0 Safari/537.36"
176.123.8.39 - - [01/Jul/2026:15:45:28 +0700] "GET /wp-admin/index.php HTTP/1.1" 500 - "https://dopla.maf.gov.la/wp-login.php" "Mozilla/5.0 (Macintosh; Intel Mac OS X 13_6_1) AppleWebKit/537.36 (KHTML, like Gecko) Chrome/118.0.0.0 Safari/537.36"
176.123.8.39 - - [01/Jul/2026:15:45:30 +0700] "GET /wp-admin/profile.php HTTP/1.1" 403 2 "https://dopla.maf.gov.la/wp-login.php" "Mozilla/5.0 (Macintosh; Intel Mac OS X 13_6_1) AppleWebKit/537.36 (KHTML, like Gecko) Chrome/118.0.0.0 Safari/537.36"
176.123.8.39 - - [01/Jul/2026:15:45:31 +0700] "GET /wp-admin/edit.php HTTP/1.1" 403 2 "https://dopla.maf.gov.la/wp-login.php" "Mozilla/5.0 (Macintosh; Intel Mac OS X 13_6_1) AppleWebKit/537.36 (KHTML, like Gecko) Chrome/118.0.0.0 Safari/537.36"
176.123.8.39 - - [01/Jul/2026:15:45:32 +0700] "GET /wp-admin/plugins.php HTTP/1.1" 403 2 "https://dopla.maf.gov.la/wp-login.php" "Mozilla/5.0 (Macintosh; Intel Mac OS X 13_6_1) AppleWebKit/537.36 (KHTML, like Gecko) Chrome/118.0.0.0 Safari/537.36"
176.123.8.39 - - [01/Jul/2026:15:45:32 +0700] "POST /wp-login.php HTTP/1.1" 200 4022 "https://dopla.maf.gov.la/wp-login.php" "Mozilla/5.0 (Macintosh; Intel Mac OS X 10_15_7; rv:120.0) Gecko/20100101 Firefox/120.0"
176.123.8.39 - - [01/Jul/2026:15:45:33 +0700] "GET /wp-admin/index.php HTTP/1.1" 500 - "https://dopla.maf.gov.la/wp-login.php" "Mozilla/5.0 (Macintosh; Intel Mac OS X 13_6_1) AppleWebKit/605.1.15 (KHTML, like Gecko) Version/17.2 Safari/605.1.15"
176.123.8.39 - - [01/Jul/2026:15:45:36 +0700] "GET /wp-admin/profile.php HTTP/1.1" 403 2 "https://dopla.maf.gov.la/wp-login.php" "Mozilla/5.0 (Macintosh; Intel Mac OS X 13_6_1) AppleWebKit/605.1.15 (KHTML, like Gecko) Version/17.2 Safari/605.1.15"
176.123.8.39 - - [01/Jul/2026:15:45:37 +0700] "GET /wp-admin/edit.php HTTP/1.1" 403 2 "https://dopla.maf.gov.la/wp-login.php" "Mozilla/5.0 (Macintosh; Intel Mac OS X 13_6_1) AppleWebKit/605.1.15 (KHTML, like Gecko) Version/17.2 Safari/605.1.15"
176.123.8.39 - - [01/Jul/2026:15:45:37 +0700] "GET /wp-admin/plugins.php HTTP/1.1" 403 2 "https://dopla.maf.gov.la/wp-login.php" "Mozilla/5.0 (Macintosh; Intel Mac OS X 13_6_1) AppleWebKit/605.1.15 (KHTML, like Gecko) Version/17.2 Safari/605.1.15"
176.123.8.39 - - [01/Jul/2026:15:45:38 +0700] "POST /wp-login.php HTTP/1.1" 200 4022 "https://dopla.maf.gov.la/wp-login.php" "Mozilla/5.0 (Windows NT 11.0; Win64; x64) AppleWebKit/537.36 (KHTML, like Gecko) Chrome/119.0.0.0 Safari/537.36"
176.123.8.39 - - [01/Jul/2026:15:45:39 +0700] "GET /wp-admin/index.php HTTP/1.1" 500 - "https://dopla.maf.gov.la/wp-login.php" "Mozilla/5.0 (Macintosh; Intel Mac OS X 13_6_1) AppleWebKit/605.1.15 (KHTML, like Gecko) Version/16.6 Safari/605.1.15"
176.123.8.39 - - [01/Jul/2026:15:45:42 +0700] "GET /wp-admin/profile.php HTTP/1.1" 403 2 "https://dopla.maf.gov.la/wp-login.php" "Mozilla/5.0 (Macintosh; Intel Mac OS X 13_6_1) AppleWebKit/605.1.15 (KHTML, like Gecko) Version/16.6 Safari/605.1.15"
176.123.8.39 - - [01/Jul/2026:15:45:43 +0700] "GET /wp-admin/edit.php HTTP/1.1" 403 2 "https://dopla.maf.gov.la/wp-login.php" "Mozilla/5.0 (Macintosh; Intel Mac OS X 13_6_1) AppleWebKit/605.1.15 (KHTML, like Gecko) Version/16.6 Safari/605.1.15"
176.123.8.39 - - [01/Jul/2026:15:45:45 +0700] "GET /wp-admin/plugins.php HTTP/1.1" 403 2 "https://dopla.maf.gov.la/wp-login.php" "Mozilla/5.0 (Macintosh; Intel Mac OS X 13_6_1) AppleWebKit/605.1.15 (KHTML, like Gecko) Version/16.6 Safari/605.1.15"
192.178.4.97 - - [01/Jul/2026:15:48:09 +0700] "GET /015534524717.shtml HTTP/1.1" 200 2 "-" "Mozilla/5.0 (Linux; Android 6.0.1; Nexus 5X Build/MMB29P) AppleWebKit/537.36 (KHTML, like Gecko) Chrome/149.0.7827.200 Mobile Safari/537.36 (compatible; Googlebot/2.1; +http://www.google.com/bot.html)"
157.55.39.49 - - [01/Jul/2026:15:48:27 +0700] "GET /112884798109.shtml HTTP/1.1" 200 2 "-" "Mozilla/5.0 AppleWebKit/537.36 (KHTML, like Gecko; compatible; bingbot/2.0; +http://www.bing.com/bingbot.htm) Chrome/116.0.1938.76 Safari/537.36"
192.178.4.99 - - [01/Jul/2026:15:49:03 +0700] "GET /?l=871107318206 HTTP/1.1" 200 2 "-" "Mozilla/5.0 (Linux; Android 6.0.1; Nexus 5X Build/MMB29P) AppleWebKit/537.36 (KHTML, like Gecko) Chrome/149.0.7827.200 Mobile Safari/537.36 (compatible; Googlebot/2.1; +http://www.google.com/bot.html)"
1.52.252.10 - - [01/Jul/2026:15:50:04 +0700] "GET /robots.txt HTTP/1.1" 200 2 "-" "Mozilla/5.0 (Linux; Android 5.0; SM-G900P Build/LRX21T) AppleWebKit/537.36 (KHTML, like Gecko) Chrome/45.0.8432.1816 Mobile Safari/537.36"
47.128.99.243 - - [01/Jul/2026:15:52:36 +0700] "GET /?lang=en&page_id=555 HTTP/1.1" 200 2 "-" "Mozilla/5.0 (compatible; Bytespider; spider-feedback@bytedance.com) AppleWebKit/537.36 (KHTML, like Gecko) Chrome/70.0.0.0 Safari/537.36"
47.128.99.38 - - [01/Jul/2026:15:53:44 +0700] "GET /?lang=en&page_id=555 HTTP/1.1" 200 2 "-" "Mozilla/5.0 (Linux; Android 5.0) AppleWebKit/537.36 (KHTML, like Gecko) Mobile Safari/537.36 (compatible; Bytespider; spider-feedback@bytedance.com)"
192.178.4.97 - - [01/Jul/2026:15:55:34 +0700] "GET /?l=5201341560201 HTTP/1.1" 200 2 "-" "Mozilla/5.0 (Linux; Android 6.0.1; Nexus 5X Build/MMB29P) AppleWebKit/537.36 (KHTML, like Gecko) Chrome/149.0.7827.200 Mobile Safari/537.36 (compatible; Googlebot/2.1; +http://www.google.com/bot.html)"
17.22.237.181 - - [01/Jul/2026:15:56:08 +0700] "GET /robots.txt HTTP/1.1" 200 2 "-" "Mozilla/5.0 (Macintosh; Intel Mac OS X 10_15_7) AppleWebKit/605.1.15 (KHTML, like Gecko) Version/17.4 Safari/605.1.15 (Applebot/0.1; +http://www.apple.com/go/applebot)"
17.22.237.181 - - [01/Jul/2026:15:56:09 +0700] "GET /?s=shelterlogic-10-x-10-x-8-shed-in-a-dd-K0krRLT6 HTTP/1.1" 200 2 "-" "Mozilla/5.0 (Macintosh; Intel Mac OS X 10_15_7) AppleWebKit/605.1.15 (KHTML, like Gecko) Version/17.4 Safari/605.1.15 (Applebot/0.1; +http://www.apple.com/go/applebot)"
192.178.4.98 - - [01/Jul/2026:15:58:26 +0700] "GET /?l=29717161801902 HTTP/1.1" 200 2 "-" "Mozilla/5.0 (Linux; Android 6.0.1; Nexus 5X Build/MMB29P) AppleWebKit/537.36 (KHTML, like Gecko) Chrome/149.0.7827.200 Mobile Safari/537.36 (compatible; Googlebot/2.1; +http://www.google.com/bot.html)"
47.128.99.41 - - [01/Jul/2026:15:59:02 +0700] "GET /?attachment_id=1655 HTTP/1.1" 200 2 "-" "Mozilla/5.0 (compatible; Bytespider; spider-feedback@bytedance.com) AppleWebKit/537.36 (KHTML, like Gecko) Chrome/70.0.0.0 Safari/537.36"
47.82.55.28 - - [01/Jul/2026:15:59:30 +0700] "GET / HTTP/1.1" 200 2 "-" "Mozilla/5.0 (Windows NT 10.0; Win64; x64) AppleWebKit/537.36 (KHTML, like Gecko) Chrome/145.0.0.0 Safari/537.36"
192.178.4.97 - - [01/Jul/2026:16:01:32 +0700] "GET /?l=29228102275406 HTTP/1.1" 200 2 "-" "Mozilla/5.0 (Linux; Android 6.0.1; Nexus 5X Build/MMB29P) AppleWebKit/537.36 (KHTML, like Gecko) Chrome/149.0.7827.200 Mobile Safari/537.36 (compatible; Googlebot/2.1; +http://www.google.com/bot.html)"
47.128.99.252 - - [01/Jul/2026:16:05:19 +0700] "GET /?attachment_id=1755 HTTP/1.1" 200 2 "-" "Mozilla/5.0 (compatible; Bytespider; spider-feedback@bytedance.com) AppleWebKit/537.36 (KHTML, like Gecko) Chrome/70.0.0.0 Safari/537.36"
47.128.99.81 - - [01/Jul/2026:16:05:48 +0700] "GET /?attachment_id=1655 HTTP/1.1" 200 2 "-" "Mozilla/5.0 (Linux; Android 5.0) AppleWebKit/537.36 (KHTML, like Gecko) Mobile Safari/537.36 (compatible; Bytespider; spider-feedback@bytedance.com)"
192.175.111.251 - - [01/Jul/2026:16:07:03 +0700] "GET / HTTP/1.1" 200 2 "-" "Mozilla/5.0 (X11; Linux x86_64) AppleWebKit/537.36 (KHTML, like Gecko) Chrome/124.0.0.0 Safari/537.36"
192.175.111.251 - - [01/Jul/2026:16:07:03 +0700] "GET /favicon.ico HTTP/1.1" 200 2 "https://dopla.maf.gov.la/" "Mozilla/5.0 (X11; Linux x86_64) AppleWebKit/537.36 (KHTML, like Gecko) Chrome/124.0.0.0 Safari/537.36"
192.175.111.237 - - [01/Jul/2026:16:07:54 +0700] "GET / HTTP/1.0" 200 2 "-" "Mozilla/5.0 (X11; Linux x86_64) AppleWebKit/537.36 (KHTML, like Gecko) Chrome/73.0.3683.75 Safari/537.36"
47.128.99.54 - - [01/Jul/2026:16:08:33 +0700] "GET /?attachment_id=1755 HTTP/1.1" 200 2 "-" "Mozilla/5.0 (Linux; Android 5.0) AppleWebKit/537.36 (KHTML, like Gecko) Mobile Safari/537.36 (compatible; Bytespider; spider-feedback@bytedance.com)"
192.178.4.97 - - [01/Jul/2026:16:08:41 +0700] "GET /?l=10842116075402 HTTP/1.1" 200 2 "-" "Mozilla/5.0 (Linux; Android 6.0.1; Nexus 5X Build/MMB29P) AppleWebKit/537.36 (KHTML, like Gecko) Chrome/149.0.7827.200 Mobile Safari/537.36 (compatible; Googlebot/2.1; +http://www.google.com/bot.html)"
192.178.4.98 - - [01/Jul/2026:16:10:35 +0700] "GET /?l=3843287763301 HTTP/1.1" 200 2 "-" "Mozilla/5.0 (Linux; Android 6.0.1; Nexus 5X Build/MMB29P) AppleWebKit/537.36 (KHTML, like Gecko) Chrome/149.0.7827.200 Mobile Safari/537.36 (compatible; Googlebot/2.1; +http://www.google.com/bot.html)"
192.178.4.97 - - [01/Jul/2026:16:12:29 +0700] "GET /?l=17027240101000 HTTP/1.1" 200 2 "-" "Mozilla/5.0 (Linux; Android 6.0.1; Nexus 5X Build/MMB29P) AppleWebKit/537.36 (KHTML, like Gecko) Chrome/149.0.7827.200 Mobile Safari/537.36 (compatible; Googlebot/2.1; +http://www.google.com/bot.html)"
192.178.4.97 - - [01/Jul/2026:16:12:31 +0700] "GET /73048698928.shtml HTTP/1.1" 200 2 "-" "Mozilla/5.0 (Linux; Android 6.0.1; Nexus 5X Build/MMB29P) AppleWebKit/537.36 (KHTML, like Gecko) Chrome/149.0.7827.200 Mobile Safari/537.36 (compatible; Googlebot/2.1; +http://www.google.com/bot.html)"
47.243.246.138 - - [01/Jul/2026:16:12:36 +0700] "GET /?page_id=9&lang=en HTTP/1.1" 200 2 "-" "Mozilla/5.0 (Macintosh; Intel Mac OS X 10_15_7) AppleWebKit/537.36 (KHTML, like Gecko) Chrome/146.0.0.0 Safari/537.36"
192.178.4.97 - - [01/Jul/2026:16:17:51 +0700] "GET /?l=97019647707 HTTP/1.1" 200 2 "-" "Mozilla/5.0 (Linux; Android 6.0.1; Nexus 5X Build/MMB29P) AppleWebKit/537.36 (KHTML, like Gecko) Chrome/149.0.7827.200 Mobile Safari/537.36 (compatible; Googlebot/2.1; +http://www.google.com/bot.html)"
192.178.4.97 - - [01/Jul/2026:16:21:46 +0700] "GET /?l=1310087976500 HTTP/1.1" 200 2 "-" "Mozilla/5.0 (Linux; Android 6.0.1; Nexus 5X Build/MMB29P) AppleWebKit/537.36 (KHTML, like Gecko) Chrome/149.0.7827.200 Mobile Safari/537.36 (compatible; Googlebot/2.1; +http://www.google.com/bot.html)"
192.178.4.97 - - [01/Jul/2026:16:24:51 +0700] "GET /?l=50719227420600 HTTP/1.1" 200 2 "-" "Mozilla/5.0 (Linux; Android 6.0.1; Nexus 5X Build/MMB29P) AppleWebKit/537.36 (KHTML, like Gecko) Chrome/149.0.7827.200 Mobile Safari/537.36 (compatible; Googlebot/2.1; +http://www.google.com/bot.html)"
192.178.4.97 - - [01/Jul/2026:16:25:59 +0700] "GET /?l=3879846161504 HTTP/1.1" 200 2 "-" "Mozilla/5.0 (Linux; Android 6.0.1; Nexus 5X Build/MMB29P) AppleWebKit/537.36 (KHTML, like Gecko) Chrome/149.0.7827.200 Mobile Safari/537.36 (compatible; Googlebot/2.1; +http://www.google.com/bot.html)"
192.178.4.98 - - [01/Jul/2026:16:29:35 +0700] "GET /?l=4666051862712 HTTP/1.1" 200 2 "-" "Mozilla/5.0 (Linux; Android 6.0.1; Nexus 5X Build/MMB29P) AppleWebKit/537.36 (KHTML, like Gecko) Chrome/149.0.7827.200 Mobile Safari/537.36 (compatible; Googlebot/2.1; +http://www.google.com/bot.html)"
192.178.4.97 - - [01/Jul/2026:16:33:56 +0700] "GET /?l=9100159617105 HTTP/1.1" 200 2 "-" "Mozilla/5.0 (Linux; Android 6.0.1; Nexus 5X Build/MMB29P) AppleWebKit/537.36 (KHTML, like Gecko) Chrome/149.0.7827.200 Mobile Safari/537.36 (compatible; Googlebot/2.1; +http://www.google.com/bot.html)"
207.46.13.111 - - [01/Jul/2026:16:34:22 +0700] "GET /911903628139.shtml HTTP/1.1" 200 2 "-" "Mozilla/5.0 AppleWebKit/537.36 (KHTML, like Gecko; compatible; bingbot/2.0; +http://www.bing.com/bingbot.htm) Chrome/116.0.1938.76 Safari/537.36"
192.178.4.97 - - [01/Jul/2026:16:45:59 +0700] "GET /?l=53514204679501 HTTP/1.1" 200 2 "-" "Mozilla/5.0 (Linux; Android 6.0.1; Nexus 5X Build/MMB29P) AppleWebKit/537.36 (KHTML, like Gecko) Chrome/149.0.7827.200 Mobile Safari/537.36 (compatible; Googlebot/2.1; +http://www.google.com/bot.html)"
192.178.4.97 - - [01/Jul/2026:16:47:58 +0700] "GET /?l=64512205691002 HTTP/1.1" 200 2 "-" "Mozilla/5.0 (Linux; Android 6.0.1; Nexus 5X Build/MMB29P) AppleWebKit/537.36 (KHTML, like Gecko) Chrome/149.0.7827.200 Mobile Safari/537.36 (compatible; Googlebot/2.1; +http://www.google.com/bot.html)"
192.178.4.97 - - [01/Jul/2026:16:53:51 +0700] "GET /?l=9822011695004 HTTP/1.1" 200 2 "-" "Mozilla/5.0 (Linux; Android 6.0.1; Nexus 5X Build/MMB29P) AppleWebKit/537.36 (KHTML, like Gecko) Chrome/149.0.7827.200 Mobile Safari/537.36 (compatible; Googlebot/2.1; +http://www.google.com/bot.html)"
91.243.81.187 - - [01/Jul/2026:16:55:01 +0700] "GET /?page_id=9&lang=en HTTP/1.1" 200 2 "-" "Mozilla/5.0 (Macintosh; Intel Mac OS X 10_15_7) AppleWebKit/537.36 (KHTML, like Gecko) Chrome/146.0.0.0 Safari/537.36"
104.210.140.130 - - [01/Jul/2026:16:56:40 +0700] "GET /robots.txt HTTP/1.1" 200 2 "-" "Mozilla/5.0 (Macintosh; Intel Mac OS X 10_15_7) AppleWebKit/537.36 (KHTML, like Gecko) Chrome/131.0.0.0 Safari/537.36; compatible; OAI-SearchBot/1.0; +https://openai.com/searchbot"
47.128.99.244 - - [01/Jul/2026:17:03:06 +0700] "GET /?attachment_id=248 HTTP/1.1" 200 2 "-" "Mozilla/5.0 (compatible; Bytespider; spider-feedback@bytedance.com) AppleWebKit/537.36 (KHTML, like Gecko) Chrome/70.0.0.0 Safari/537.36"
192.178.4.97 - - [01/Jul/2026:17:03:35 +0700] "GET /?l=28911199099102 HTTP/1.1" 200 2 "-" "Mozilla/5.0 (Linux; Android 6.0.1; Nexus 5X Build/MMB29P) AppleWebKit/537.36 (KHTML, like Gecko) Chrome/149.0.7827.200 Mobile Safari/537.36 (compatible; Googlebot/2.1; +http://www.google.com/bot.html)"
47.128.99.63 - - [01/Jul/2026:17:04:53 +0700] "GET /?attachment_id=248 HTTP/1.1" 200 2 "-" "Mozilla/5.0 (Linux; Android 5.0) AppleWebKit/537.36 (KHTML, like Gecko) Mobile Safari/537.36 (compatible; Bytespider; spider-feedback@bytedance.com)"
192.178.4.98 - - [01/Jul/2026:17:06:20 +0700] "GET /?l=90858219698501 HTTP/1.1" 200 2 "-" "Mozilla/5.0 (Linux; Android 6.0.1; Nexus 5X Build/MMB29P) AppleWebKit/537.36 (KHTML, like Gecko) Chrome/149.0.7827.200 Mobile Safari/537.36 (compatible; Googlebot/2.1; +http://www.google.com/bot.html)"
192.178.4.97 - - [01/Jul/2026:17:09:42 +0700] "GET /?l=8127449303902 HTTP/1.1" 200 2 "-" "Mozilla/5.0 (Linux; Android 6.0.1; Nexus 5X Build/MMB29P) AppleWebKit/537.36 (KHTML, like Gecko) Chrome/149.0.7827.200 Mobile Safari/537.36 (compatible; Googlebot/2.1; +http://www.google.com/bot.html)"
52.167.144.191 - - [01/Jul/2026:17:13:27 +0700] "GET /?l=01812297956504 HTTP/1.1" 200 2 "-" "Mozilla/5.0 AppleWebKit/537.36 (KHTML, like Gecko; compatible; bingbot/2.0; +http://www.bing.com/bingbot.htm) Chrome/116.0.1938.76 Safari/537.36"
192.178.4.97 - - [01/Jul/2026:17:14:55 +0700] "GET /?l=05715148029006 HTTP/1.1" 200 2 "-" "Mozilla/5.0 (Linux; Android 6.0.1; Nexus 5X Build/MMB29P) AppleWebKit/537.36 (KHTML, like Gecko) Chrome/149.0.7827.200 Mobile Safari/537.36 (compatible; Googlebot/2.1; +http://www.google.com/bot.html)"
47.128.99.93 - - [01/Jul/2026:17:18:24 +0700] "GET /?attachment_id=228 HTTP/1.1" 200 2 "-" "Mozilla/5.0 (compatible; Bytespider; spider-feedback@bytedance.com) AppleWebKit/537.36 (KHTML, like Gecko) Chrome/70.0.0.0 Safari/537.36"
47.128.99.94 - - [01/Jul/2026:17:22:18 +0700] "GET /?attachment_id=1066 HTTP/1.1" 200 2 "-" "Mozilla/5.0 (compatible; Bytespider; spider-feedback@bytedance.com) AppleWebKit/537.36 (KHTML, like Gecko) Chrome/70.0.0.0 Safari/537.36"
47.128.99.246 - - [01/Jul/2026:17:23:12 +0700] "GET /?attachment_id=1066 HTTP/1.1" 200 2 "-" "Mozilla/5.0 (Linux; Android 5.0) AppleWebKit/537.36 (KHTML, like Gecko) Mobile Safari/537.36 (compatible; Bytespider; spider-feedback@bytedance.com)"
192.178.4.97 - - [01/Jul/2026:17:25:35 +0700] "GET /?l=92909158227607 HTTP/1.1" 200 2 "-" "Mozilla/5.0 (Linux; Android 6.0.1; Nexus 5X Build/MMB29P) AppleWebKit/537.36 (KHTML, like Gecko) Chrome/149.0.7827.200 Mobile Safari/537.36 (compatible; Googlebot/2.1; +http://www.google.com/bot.html)"
40.77.167.156 - - [01/Jul/2026:17:30:18 +0700] "GET /?l=88892156291600 HTTP/1.1" 200 2 "-" "Mozilla/5.0 AppleWebKit/537.36 (KHTML, like Gecko; compatible; bingbot/2.0; +http://www.bing.com/bingbot.htm) Chrome/116.0.1938.76 Safari/537.36"
192.178.4.99 - - [01/Jul/2026:17:31:02 +0700] "GET /84111799668.shtml HTTP/1.1" 200 2 "-" "Mozilla/5.0 (Linux; Android 6.0.1; Nexus 5X Build/MMB29P) AppleWebKit/537.36 (KHTML, like Gecko) Chrome/149.0.7827.200 Mobile Safari/537.36 (compatible; Googlebot/2.1; +http://www.google.com/bot.html)"
103.172.183.86 - - [01/Jul/2026:17:31:07 +0700] "GET /?page_id=9&lang=en HTTP/1.1" 200 2 "-" "Mozilla/5.0 (Macintosh; Intel Mac OS X 10_15_7) AppleWebKit/537.36 (KHTML, like Gecko) Chrome/146.0.0.0 Safari/537.36"
192.178.4.97 - - [01/Jul/2026:17:32:04 +0700] "GET /?l=10688254103106 HTTP/1.1" 200 2 "-" "Mozilla/5.0 (Linux; Android 6.0.1; Nexus 5X Build/MMB29P) AppleWebKit/537.36 (KHTML, like Gecko) Chrome/149.0.7827.200 Mobile Safari/537.36 (compatible; Googlebot/2.1; +http://www.google.com/bot.html)"
192.178.4.97 - - [01/Jul/2026:17:32:57 +0700] "GET /?l=7188866851500 HTTP/1.1" 200 2 "-" "Mozilla/5.0 (Linux; Android 6.0.1; Nexus 5X Build/MMB29P) AppleWebKit/537.36 (KHTML, like Gecko) Chrome/149.0.7827.200 Mobile Safari/537.36 (compatible; Googlebot/2.1; +http://www.google.com/bot.html)"
52.167.144.192 - - [01/Jul/2026:17:35:51 +0700] "GET /?l=8874982581506 HTTP/1.1" 200 2 "-" "Mozilla/5.0 AppleWebKit/537.36 (KHTML, like Gecko; compatible; bingbot/2.0; +http://www.bing.com/bingbot.htm) Chrome/116.0.1938.76 Safari/537.36"
91.243.81.187 - - [01/Jul/2026:17:37:59 +0700] "GET /?page_id=9&lang=en HTTP/1.1" 200 2 "-" "Mozilla/5.0 (Macintosh; Intel Mac OS X 10_15_7) AppleWebKit/537.36 (KHTML, like Gecko) Chrome/146.0.0.0 Safari/537.36"
192.178.4.98 - - [01/Jul/2026:17:41:24 +0700] "GET /?l=22009135282005 HTTP/1.1" 200 2 "-" "Mozilla/5.0 (Linux; Android 6.0.1; Nexus 5X Build/MMB29P) AppleWebKit/537.36 (KHTML, like Gecko) Chrome/149.0.7827.200 Mobile Safari/537.36 (compatible; Googlebot/2.1; +http://www.google.com/bot.html)"
192.178.4.97 - - [01/Jul/2026:17:41:48 +0700] "GET /?l=12159207128102 HTTP/1.1" 200 2 "-" "Mozilla/5.0 (Linux; Android 6.0.1; Nexus 5X Build/MMB29P) AppleWebKit/537.36 (KHTML, like Gecko) Chrome/149.0.7827.200 Mobile Safari/537.36 (compatible; Googlebot/2.1; +http://www.google.com/bot.html)"
192.178.4.98 - - [01/Jul/2026:17:43:40 +0700] "GET /?l=67250282545305 HTTP/1.1" 200 2 "-" "Mozilla/5.0 (Linux; Android 6.0.1; Nexus 5X Build/MMB29P) AppleWebKit/537.36 (KHTML, like Gecko) Chrome/149.0.7827.200 Mobile Safari/537.36 (compatible; Googlebot/2.1; +http://www.google.com/bot.html)"
192.178.4.98 - - [01/Jul/2026:17:48:33 +0700] "GET /?l=8958759893103 HTTP/1.1" 200 2 "-" "Mozilla/5.0 (Linux; Android 6.0.1; Nexus 5X Build/MMB29P) AppleWebKit/537.36 (KHTML, like Gecko) Chrome/149.0.7827.200 Mobile Safari/537.36 (compatible; Googlebot/2.1; +http://www.google.com/bot.html)"
192.178.4.99 - - [01/Jul/2026:17:51:25 +0700] "GET /?l=50757300119902 HTTP/1.1" 200 2 "-" "Mozilla/5.0 (Linux; Android 6.0.1; Nexus 5X Build/MMB29P) AppleWebKit/537.36 (KHTML, like Gecko) Chrome/149.0.7827.200 Mobile Safari/537.36 (compatible; Googlebot/2.1; +http://www.google.com/bot.html)"
43.172.195.96 - - [01/Jul/2026:17:54:11 +0700] "GET /?tag=dopla-en&lang=en HTTP/1.1" 200 2 "-" "Mozilla/5.0 (Windows NT 10.0; Win64; x64) AppleWebKit/537.36 (KHTML, like Gecko) Chrome/106.0.5249.119 Safari/537.36"
43.172.198.14 - - [01/Jul/2026:17:57:16 +0700] "GET /?page_id=235&lang=en HTTP/1.1" 200 2 "-" "Mozilla/5.0 (Windows NT 10.0; Win64; x64) AppleWebKit/537.36 (KHTML, like Gecko) Chrome/120.0.0.0 Safari/537.36"
192.178.4.97 - - [01/Jul/2026:18:04:37 +0700] "GET /?l=73220162724803 HTTP/1.1" 200 2 "-" "Mozilla/5.0 (Linux; Android 6.0.1; Nexus 5X Build/MMB29P) AppleWebKit/537.36 (KHTML, like Gecko) Chrome/149.0.7827.200 Mobile Safari/537.36 (compatible; Googlebot/2.1; +http://www.google.com/bot.html)"
91.243.81.187 - - [01/Jul/2026:18:08:06 +0700] "GET /?page_id=9&lang=en HTTP/1.1" 200 2 "-" "Mozilla/5.0 (Macintosh; Intel Mac OS X 10_15_7) AppleWebKit/537.36 (KHTML, like Gecko) Chrome/146.0.0.0 Safari/537.36"
192.178.4.97 - - [01/Jul/2026:18:09:44 +0700] "GET /026583351969.shtml HTTP/1.1" 200 2 "-" "Mozilla/5.0 (Linux; Android 6.0.1; Nexus 5X Build/MMB29P) AppleWebKit/537.36 (KHTML, like Gecko) Chrome/149.0.7827.200 Mobile Safari/537.36 (compatible; Googlebot/2.1; +http://www.google.com/bot.html)"
47.243.246.138 - - [01/Jul/2026:18:10:40 +0700] "GET /?page_id=9&lang=en HTTP/1.1" 200 2 "-" "Mozilla/5.0 (Macintosh; Intel Mac OS X 10_15_7) AppleWebKit/537.36 (KHTML, like Gecko) Chrome/146.0.0.0 Safari/537.36"
192.178.4.97 - - [01/Jul/2026:18:12:51 +0700] "GET /?l=6071223267406 HTTP/1.1" 200 2 "-" "Mozilla/5.0 (Linux; Android 6.0.1; Nexus 5X Build/MMB29P) AppleWebKit/537.36 (KHTML, like Gecko) Chrome/149.0.7827.200 Mobile Safari/537.36 (compatible; Googlebot/2.1; +http://www.google.com/bot.html)"
192.178.4.97 - - [01/Jul/2026:18:17:43 +0700] "GET /?l=72939145627013 HTTP/1.1" 200 2 "-" "Mozilla/5.0 (Linux; Android 6.0.1; Nexus 5X Build/MMB29P) AppleWebKit/537.36 (KHTML, like Gecko) Chrome/149.0.7827.200 Mobile Safari/537.36 (compatible; Googlebot/2.1; +http://www.google.com/bot.html)"
192.178.4.97 - - [01/Jul/2026:18:22:48 +0700] "GET /800881759001.shtml HTTP/1.1" 200 2 "-" "Mozilla/5.0 (Linux; Android 6.0.1; Nexus 5X Build/MMB29P) AppleWebKit/537.36 (KHTML, like Gecko) Chrome/149.0.7827.200 Mobile Safari/537.36 (compatible; Googlebot/2.1; +http://www.google.com/bot.html)"
157.55.39.204 - - [01/Jul/2026:18:26:28 +0700] "GET /809242662970.shtml HTTP/1.1" 200 2 "-" "Mozilla/5.0 AppleWebKit/537.36 (KHTML, like Gecko; compatible; bingbot/2.0; +http://www.bing.com/bingbot.htm) Chrome/116.0.1938.76 Safari/537.36"
146.190.141.15 - - [01/Jul/2026:18:27:25 +0700] "GET /wp-login.php HTTP/1.1" 200 3068 "-" "Mozilla/5.0 (Windows NT 10.0; Win64; x64) AppleWebKit/537.36 (KHTML, like Gecko) Chrome/147.0.0.0 Safari/537.36 Edg/147.0.0.0"
146.190.141.15 - - [01/Jul/2026:18:27:27 +0700] "POST /wp-login.php HTTP/1.1" 302 - "-" "Mozilla/5.0 (Windows NT 10.0; Win64; x64) AppleWebKit/537.36 (KHTML, like Gecko) Chrome/147.0.0.0 Safari/537.36 Edg/147.0.0.0"
146.190.141.15 - - [01/Jul/2026:18:27:27 +0700] "GET /wp-admin/ HTTP/1.1" 500 - "-" "Mozilla/5.0 (Windows NT 10.0; Win64; x64) AppleWebKit/537.36 (KHTML, like Gecko) Chrome/147.0.0.0 Safari/537.36 Edg/147.0.0.0"
146.190.141.15 - - [01/Jul/2026:18:27:29 +0700] "GET /wp-admin/plugin-install.php HTTP/1.1" 403 2 "-" "Mozilla/5.0 (Windows NT 10.0; Win64; x64) AppleWebKit/537.36 (KHTML, like Gecko) Chrome/147.0.0.0 Safari/537.36 Edg/147.0.0.0"
146.190.141.15 - - [01/Jul/2026:18:27:29 +0700] "POST /wp-admin/admin-ajax.php HTTP/1.1" 403 2 "-" "Mozilla/5.0 (Windows NT 10.0; Win64; x64) AppleWebKit/537.36 (KHTML, like Gecko) Chrome/147.0.0.0 Safari/537.36 Edg/147.0.0.0"
146.190.141.15 - - [01/Jul/2026:18:27:29 +0700] "GET /wp-admin/plugins.php HTTP/1.1" 403 2 "-" "Mozilla/5.0 (Windows NT 10.0; Win64; x64) AppleWebKit/537.36 (KHTML, like Gecko) Chrome/147.0.0.0 Safari/537.36 Edg/147.0.0.0"
146.190.141.15 - - [01/Jul/2026:18:27:30 +0700] "GET /wp-admin/plugins.php?action=deactivate&plugin=wp-file-manager%2Ffile_folder_manager.php&plugin_status=all&paged=1&s&_wpnonce= HTTP/1.1" 403 2 "-" "Mozilla/5.0 (Windows NT 10.0; Win64; x64) AppleWebKit/537.36 (KHTML, like Gecko) Chrome/147.0.0.0 Safari/537.36 Edg/147.0.0.0"
146.190.141.15 - - [01/Jul/2026:18:27:30 +0700] "GET /wp-admin/plugins.php?plugin_status=all&paged=1&s HTTP/1.1" 403 2 "-" "Mozilla/5.0 (Windows NT 10.0; Win64; x64) AppleWebKit/537.36 (KHTML, like Gecko) Chrome/147.0.0.0 Safari/537.36 Edg/147.0.0.0"
146.190.141.15 - - [01/Jul/2026:18:27:31 +0700] "POST /wp-admin/admin-ajax.php HTTP/1.1" 403 2 "-" "Mozilla/5.0 (Windows NT 10.0; Win64; x64) AppleWebKit/537.36 (KHTML, like Gecko) Chrome/147.0.0.0 Safari/537.36 Edg/147.0.0.0"
192.178.4.97 - - [01/Jul/2026:18:32:41 +0700] "GET /?l=83292124189600 HTTP/1.1" 200 2 "-" "Mozilla/5.0 (Linux; Android 6.0.1; Nexus 5X Build/MMB29P) AppleWebKit/537.36 (KHTML, like Gecko) Chrome/149.0.7827.200 Mobile Safari/537.36 (compatible; Googlebot/2.1; +http://www.google.com/bot.html)"
182.11.130.96 - - [01/Jul/2026:18:33:28 +0700] "GET / HTTP/1.1" 200 2 "-" "Mozilla/5.0 (Macintosh; Intel Mac OS X 10.15; rv:140.0) Gecko/20100101 Firefox/140.0"
91.243.81.187 - - [01/Jul/2026:18:37:21 +0700] "GET /?page_id=9&lang=en HTTP/1.1" 200 2 "-" "Mozilla/5.0 (Macintosh; Intel Mac OS X 10_15_7) AppleWebKit/537.36 (KHTML, like Gecko) Chrome/146.0.0.0 Safari/537.36"
192.178.4.97 - - [01/Jul/2026:18:41:44 +0700] "GET /?l=65786268057804 HTTP/1.1" 200 2 "-" "Mozilla/5.0 (Linux; Android 6.0.1; Nexus 5X Build/MMB29P) AppleWebKit/537.36 (KHTML, like Gecko) Chrome/149.0.7827.200 Mobile Safari/537.36 (compatible; Googlebot/2.1; +http://www.google.com/bot.html)"
192.178.4.97 - - [01/Jul/2026:18:45:46 +0700] "GET /?l=0056489198200 HTTP/1.1" 200 2 "-" "Mozilla/5.0 (Linux; Android 6.0.1; Nexus 5X Build/MMB29P) AppleWebKit/537.36 (KHTML, like Gecko) Chrome/149.0.7827.200 Mobile Safari/537.36 (compatible; Googlebot/2.1; +http://www.google.com/bot.html)"
192.178.4.97 - - [01/Jul/2026:18:46:47 +0700] "GET /?l=23138105694704 HTTP/1.1" 200 2 "-" "Mozilla/5.0 (Linux; Android 6.0.1; Nexus 5X Build/MMB29P) AppleWebKit/537.36 (KHTML, like Gecko) Chrome/149.0.7827.200 Mobile Safari/537.36 (compatible; Googlebot/2.1; +http://www.google.com/bot.html)"
192.178.4.97 - - [01/Jul/2026:18:54:53 +0700] "GET /?l=825821715601 HTTP/1.1" 200 2 "-" "Mozilla/5.0 (Linux; Android 6.0.1; Nexus 5X Build/MMB29P) AppleWebKit/537.36 (KHTML, like Gecko) Chrome/149.0.7827.200 Mobile Safari/537.36 (compatible; Googlebot/2.1; +http://www.google.com/bot.html)"
40.77.167.156 - - [01/Jul/2026:18:57:04 +0700] "GET /?l=49991263770609 HTTP/1.1" 200 2 "-" "Mozilla/5.0 AppleWebKit/537.36 (KHTML, like Gecko; compatible; bingbot/2.0; +http://www.bing.com/bingbot.htm) Chrome/116.0.1938.76 Safari/537.36"
192.178.4.98 - - [01/Jul/2026:18:58:05 +0700] "GET /?l=7995151509801 HTTP/1.1" 200 2 "-" "Mozilla/5.0 (Linux; Android 6.0.1; Nexus 5X Build/MMB29P) AppleWebKit/537.36 (KHTML, like Gecko) Chrome/149.0.7827.200 Mobile Safari/537.36 (compatible; Googlebot/2.1; +http://www.google.com/bot.html)"
47.128.99.64 - - [01/Jul/2026:19:00:09 +0700] "GET /?lang=en&page_id=316 HTTP/1.1" 200 2 "-" "Mozilla/5.0 (compatible; Bytespider; spider-feedback@bytedance.com) AppleWebKit/537.36 (KHTML, like Gecko) Chrome/70.0.0.0 Safari/537.36"
47.128.99.99 - - [01/Jul/2026:19:01:47 +0700] "GET /?lang=en&page_id=316 HTTP/1.1" 200 2 "-" "Mozilla/5.0 (Linux; Android 5.0) AppleWebKit/537.36 (KHTML, like Gecko) Mobile Safari/537.36 (compatible; Bytespider; spider-feedback@bytedance.com)"
192.178.4.97 - - [01/Jul/2026:19:06:22 +0700] "GET /?l=75778235141704 HTTP/1.1" 200 2 "-" "Mozilla/5.0 (Linux; Android 6.0.1; Nexus 5X Build/MMB29P) AppleWebKit/537.36 (KHTML, like Gecko) Chrome/149.0.7827.200 Mobile Safari/537.36 (compatible; Googlebot/2.1; +http://www.google.com/bot.html)"
192.178.4.97 - - [01/Jul/2026:19:07:23 +0700] "GET /?l=78770241861007 HTTP/1.1" 200 2 "-" "Mozilla/5.0 (Linux; Android 6.0.1; Nexus 5X Build/MMB29P) AppleWebKit/537.36 (KHTML, like Gecko) Chrome/149.0.7827.200 Mobile Safari/537.36 (compatible; Googlebot/2.1; +http://www.google.com/bot.html)"
192.178.4.97 - - [01/Jul/2026:19:10:05 +0700] "GET /?l=12777113020400 HTTP/1.1" 200 2 "-" "Mozilla/5.0 (Linux; Android 6.0.1; Nexus 5X Build/MMB29P) AppleWebKit/537.36 (KHTML, like Gecko) Chrome/149.0.7827.200 Mobile Safari/537.36 (compatible; Googlebot/2.1; +http://www.google.com/bot.html)"
192.178.4.97 - - [01/Jul/2026:19:13:34 +0700] "GET /?l=8797971812702 HTTP/1.1" 200 2 "-" "Mozilla/5.0 (Linux; Android 6.0.1; Nexus 5X Build/MMB29P) AppleWebKit/537.36 (KHTML, like Gecko) Chrome/149.0.7827.200 Mobile Safari/537.36 (compatible; Googlebot/2.1; +http://www.google.com/bot.html)"
192.178.4.97 - - [01/Jul/2026:19:13:35 +0700] "GET /?l=82691269211805 HTTP/1.1" 200 2 "-" "Mozilla/5.0 (Linux; Android 6.0.1; Nexus 5X Build/MMB29P) AppleWebKit/537.36 (KHTML, like Gecko) Chrome/149.0.7827.200 Mobile Safari/537.36 (compatible; Googlebot/2.1; +http://www.google.com/bot.html)"
192.178.4.97 - - [01/Jul/2026:19:13:39 +0700] "GET /?l=6809076380402 HTTP/1.1" 200 2 "-" "Mozilla/5.0 (Linux; Android 6.0.1; Nexus 5X Build/MMB29P) AppleWebKit/537.36 (KHTML, like Gecko) Chrome/149.0.7827.200 Mobile Safari/537.36 (compatible; Googlebot/2.1; +http://www.google.com/bot.html)"
47.128.99.6 - - [01/Jul/2026:19:14:46 +0700] "GET /?attachment_id=891 HTTP/1.1" 200 2 "-" "Mozilla/5.0 (compatible; Bytespider; spider-feedback@bytedance.com) AppleWebKit/537.36 (KHTML, like Gecko) Chrome/70.0.0.0 Safari/537.36"
91.243.81.187 - - [01/Jul/2026:19:15:21 +0700] "GET /?page_id=9&lang=en HTTP/1.1" 200 2 "-" "Mozilla/5.0 (Macintosh; Intel Mac OS X 10_15_7) AppleWebKit/537.36 (KHTML, like Gecko) Chrome/146.0.0.0 Safari/537.36"
192.178.4.98 - - [01/Jul/2026:19:18:07 +0700] "GET /809922830433.shtml HTTP/1.1" 200 2 "-" "Mozilla/5.0 (Linux; Android 6.0.1; Nexus 5X Build/MMB29P) AppleWebKit/537.36 (KHTML, like Gecko) Chrome/149.0.7827.200 Mobile Safari/537.36 (compatible; Googlebot/2.1; +http://www.google.com/bot.html)"
52.167.144.182 - - [01/Jul/2026:19:19:09 +0700] "GET /83909308446.shtml HTTP/1.1" 200 2 "-" "Mozilla/5.0 AppleWebKit/537.36 (KHTML, like Gecko; compatible; bingbot/2.0; +http://www.bing.com/bingbot.htm) Chrome/116.0.1938.76 Safari/537.36"
47.128.99.89 - - [01/Jul/2026:19:19:30 +0700] "GET /?attachment_id=891 HTTP/1.1" 200 2 "-" "Mozilla/5.0 (Linux; Android 5.0) AppleWebKit/537.36 (KHTML, like Gecko) Mobile Safari/537.36 (compatible; Bytespider; spider-feedback@bytedance.com)"
47.128.99.91 - - [01/Jul/2026:19:20:10 +0700] "GET /?page_id=337&lang=en HTTP/1.1" 200 2 "-" "Mozilla/5.0 (compatible; Bytespider; spider-feedback@bytedance.com) AppleWebKit/537.36 (KHTML, like Gecko) Chrome/70.0.0.0 Safari/537.36"
47.128.99.250 - - [01/Jul/2026:19:21:17 +0700] "GET /?page_id=337&lang=en HTTP/1.1" 200 2 "-" "Mozilla/5.0 (Linux; Android 5.0) AppleWebKit/537.36 (KHTML, like Gecko) Mobile Safari/537.36 (compatible; Bytespider; spider-feedback@bytedance.com)"
192.178.4.98 - - [01/Jul/2026:19:23:45 +0700] "GET /?l=090137042700 HTTP/1.1" 200 2 "-" "Mozilla/5.0 (Linux; Android 6.0.1; Nexus 5X Build/MMB29P) AppleWebKit/537.36 (KHTML, like Gecko) Chrome/149.0.7827.200 Mobile Safari/537.36 (compatible; Googlebot/2.1; +http://www.google.com/bot.html)"
192.178.4.97 - - [01/Jul/2026:19:26:49 +0700] "GET /?l=98227176519902 HTTP/1.1" 200 2 "-" "Mozilla/5.0 (Linux; Android 6.0.1; Nexus 5X Build/MMB29P) AppleWebKit/537.36 (KHTML, like Gecko) Chrome/149.0.7827.200 Mobile Safari/537.36 (compatible; Googlebot/2.1; +http://www.google.com/bot.html)"
47.128.99.65 - - [01/Jul/2026:19:30:57 +0700] "GET /?attachment_id=1802 HTTP/1.1" 200 2 "-" "Mozilla/5.0 (compatible; Bytespider; spider-feedback@bytedance.com) AppleWebKit/537.36 (KHTML, like Gecko) Chrome/70.0.0.0 Safari/537.36"
47.128.99.26 - - [01/Jul/2026:19:32:04 +0700] "GET /?attachment_id=231 HTTP/1.1" 200 2 "-" "Mozilla/5.0 (compatible; Bytespider; spider-feedback@bytedance.com) AppleWebKit/537.36 (KHTML, like Gecko) Chrome/70.0.0.0 Safari/537.36"
47.128.99.31 - - [01/Jul/2026:19:32:17 +0700] "GET /?attachment_id=1802 HTTP/1.1" 200 2 "-" "Mozilla/5.0 (Linux; Android 5.0) AppleWebKit/537.36 (KHTML, like Gecko) Mobile Safari/537.36 (compatible; Bytespider; spider-feedback@bytedance.com)"
40.77.167.73 - - [01/Jul/2026:19:32:34 +0700] "GET /?s=buy-hindi-varnamala-printable-hindi-alphabet-indian-room-decor-dd-LzjM9oHZ HTTP/1.1" 200 2 "-" "Mozilla/5.0 AppleWebKit/537.36 (KHTML, like Gecko; compatible; bingbot/2.0; +http://www.bing.com/bingbot.htm) Chrome/116.0.1938.76 Safari/537.36"
47.128.99.42 - - [01/Jul/2026:19:32:45 +0700] "GET /?attachment_id=231 HTTP/1.1" 200 2 "-" "Mozilla/5.0 (Linux; Android 5.0) AppleWebKit/537.36 (KHTML, like Gecko) Mobile Safari/537.36 (compatible; Bytespider; spider-feedback@bytedance.com)"
47.128.99.60 - - [01/Jul/2026:19:34:18 +0700] "GET /?p=2522 HTTP/1.1" 200 2 "-" "Mozilla/5.0 (compatible; Bytespider; spider-feedback@bytedance.com) AppleWebKit/537.36 (KHTML, like Gecko) Chrome/70.0.0.0 Safari/537.36"
47.128.99.98 - - [01/Jul/2026:19:36:19 +0700] "GET /?p=2522 HTTP/1.1" 200 2 "-" "Mozilla/5.0 (Linux; Android 5.0) AppleWebKit/537.36 (KHTML, like Gecko) Mobile Safari/537.36 (compatible; Bytespider; spider-feedback@bytedance.com)"
192.178.4.97 - - [01/Jul/2026:19:39:44 +0700] "GET /?l=2389068557300 HTTP/1.1" 200 2 "-" "Mozilla/5.0 (Linux; Android 6.0.1; Nexus 5X Build/MMB29P) AppleWebKit/537.36 (KHTML, like Gecko) Chrome/149.0.7827.200 Mobile Safari/537.36 (compatible; Googlebot/2.1; +http://www.google.com/bot.html)"
192.178.4.97 - - [01/Jul/2026:19:39:57 +0700] "GET /?l=09085251374401 HTTP/1.1" 200 2 "-" "Mozilla/5.0 (Linux; Android 6.0.1; Nexus 5X Build/MMB29P) AppleWebKit/537.36 (KHTML, like Gecko) Chrome/149.0.7827.200 Mobile Safari/537.36 (compatible; Googlebot/2.1; +http://www.google.com/bot.html)"
192.178.4.97 - - [01/Jul/2026:19:39:59 +0700] "GET /?l=48261111461202 HTTP/1.1" 200 2 "-" "Mozilla/5.0 (Linux; Android 6.0.1; Nexus 5X Build/MMB29P) AppleWebKit/537.36 (KHTML, like Gecko) Chrome/149.0.7827.200 Mobile Safari/537.36 (compatible; Googlebot/2.1; +http://www.google.com/bot.html)"
192.178.4.97 - - [01/Jul/2026:19:42:23 +0700] "GET /002893099694.shtml HTTP/1.1" 200 2 "-" "Mozilla/5.0 (Linux; Android 6.0.1; Nexus 5X Build/MMB29P) AppleWebKit/537.36 (KHTML, like Gecko) Chrome/149.0.7827.200 Mobile Safari/537.36 (compatible; Googlebot/2.1; +http://www.google.com/bot.html)"
192.178.4.97 - - [01/Jul/2026:19:44:06 +0700] "GET /?l=2389068557300 HTTP/1.1" 200 2 "-" "Mozilla/5.0 (Linux; Android 6.0.1; Nexus 5X Build/MMB29P) AppleWebKit/537.36 (KHTML, like Gecko) Chrome/149.0.7827.200 Mobile Safari/537.36 (compatible; Googlebot/2.1; +http://www.google.com/bot.html)"
52.167.144.225 - - [01/Jul/2026:19:45:07 +0700] "GET /wp-content/uploads/2019/07/A001.pdf HTTP/1.1" 200 6983711 "-" "Mozilla/5.0 AppleWebKit/537.36 (KHTML, like Gecko; compatible; bingbot/2.0; +http://www.bing.com/bingbot.htm) Chrome/116.0.1938.76 Safari/537.36"
192.178.4.97 - - [01/Jul/2026:19:46:09 +0700] "GET /080481166199.shtml HTTP/1.1" 200 2 "-" "Mozilla/5.0 (Linux; Android 6.0.1; Nexus 5X Build/MMB29P) AppleWebKit/537.36 (KHTML, like Gecko) Chrome/149.0.7827.200 Mobile Safari/537.36 (compatible; Googlebot/2.1; +http://www.google.com/bot.html)"
52.167.144.138 - - [01/Jul/2026:19:47:03 +0700] "GET /jukyuban/ HTTP/1.1" 200 2 "-" "Mozilla/5.0 AppleWebKit/537.36 (KHTML, like Gecko; compatible; bingbot/2.0; +http://www.bing.com/bingbot.htm) Chrome/116.0.1938.76 Safari/537.36"
52.167.144.225 - - [01/Jul/2026:19:53:26 +0700] "GET /?l=0260146640001 HTTP/1.1" 200 2 "-" "Mozilla/5.0 AppleWebKit/537.36 (KHTML, like Gecko; compatible; bingbot/2.0; +http://www.bing.com/bingbot.htm) Chrome/116.0.1938.76 Safari/537.36"
192.178.4.98 - - [01/Jul/2026:19:56:30 +0700] "GET /?l=1212038477000 HTTP/1.1" 200 2 "-" "Mozilla/5.0 (Linux; Android 6.0.1; Nexus 5X Build/MMB29P) AppleWebKit/537.36 (KHTML, like Gecko) Chrome/149.0.7827.200 Mobile Safari/537.36 (compatible; Googlebot/2.1; +http://www.google.com/bot.html)"
192.178.4.97 - - [01/Jul/2026:20:03:47 +0700] "GET /?l=9180051130801 HTTP/1.1" 200 2 "-" "Mozilla/5.0 (Linux; Android 6.0.1; Nexus 5X Build/MMB29P) AppleWebKit/537.36 (KHTML, like Gecko) Chrome/149.0.7827.200 Mobile Safari/537.36 (compatible; Googlebot/2.1; +http://www.google.com/bot.html)"
192.178.4.98 - - [01/Jul/2026:20:05:21 +0700] "GET /?l=9223583223811 HTTP/1.1" 200 2 "-" "Mozilla/5.0 (Linux; Android 6.0.1; Nexus 5X Build/MMB29P) AppleWebKit/537.36 (KHTML, like Gecko) Chrome/149.0.7827.200 Mobile Safari/537.36 (compatible; Googlebot/2.1; +http://www.google.com/bot.html)"
40.77.167.78 - - [01/Jul/2026:20:06:04 +0700] "GET /?l=9920534691001 HTTP/1.1" 200 2 "-" "Mozilla/5.0 AppleWebKit/537.36 (KHTML, like Gecko; compatible; bingbot/2.0; +http://www.bing.com/bingbot.htm) Chrome/116.0.1938.76 Safari/537.36"
52.167.144.228 - - [01/Jul/2026:20:06:09 +0700] "GET /?l=45782299252502 HTTP/1.1" 200 2 "-" "Mozilla/5.0 AppleWebKit/537.36 (KHTML, like Gecko; compatible; bingbot/2.0; +http://www.bing.com/bingbot.htm) Chrome/116.0.1938.76 Safari/537.36"
